CRAN Package Check Results for Package ICDS

Last updated on 2019-10-17 05:47:06 CEST.

Flavor Version Tinstall Tcheck Ttotal Status Flags
r-devel-linux-x86_64-debian-clang 0.1.1 14.14 240.46 254.60 OK
r-devel-linux-x86_64-debian-gcc 0.1.1 13.36 190.69 204.05 OK
r-devel-linux-x86_64-fedora-clang 0.1.1 312.45 OK
r-devel-linux-x86_64-fedora-gcc 0.1.1 305.16 OK
r-devel-windows-ix86+x86_64 0.1.1 40.00 207.00 247.00 OK
r-patched-linux-x86_64 0.1.1 14.66 227.89 242.55 OK
r-patched-solaris-x86 0.1.1 478.90 OK
r-release-linux-x86_64 0.1.1 11.99 232.38 244.37 OK
r-release-windows-ix86+x86_64 0.1.1 24.00 212.00 236.00 OK
r-release-osx-x86_64 0.1.1 ERROR
r-oldrel-windows-ix86+x86_64 0.1.1 3.00 5.00 8.00 ERROR
r-oldrel-osx-x86_64 0.1.1 ERROR

Check Details

Version: 0.1.1
Check: package dependencies
Result: ERROR
    Package required but not available: ‘org.Hs.eg.db’
    
    See section ‘The DESCRIPTION file’ in the ‘Writing R Extensions’
    manual.
Flavor: r-release-osx-x86_64

Version: 0.1.1
Check: whether package can be installed
Result: ERROR
    Installation failed.
Flavor: r-oldrel-windows-ix86+x86_64

Version: 0.1.1
Check: package dependencies
Result: ERROR
    Package required but not available: ‘graphite’
    
    See section ‘The DESCRIPTION file’ in the ‘Writing R Extensions’
    manual.
Flavor: r-oldrel-osx-x86_64