CRAN Package Check Results for Package ICDS

Last updated on 2020-05-30 05:48:06 CEST.

Flavor Version Tinstall Tcheck Ttotal Status Flags
r-devel-linux-x86_64-debian-clang 0.1.1 19.53 201.15 220.68 OK
r-devel-linux-x86_64-debian-gcc 0.1.1 17.79 152.45 170.24 OK
r-devel-linux-x86_64-fedora-clang 0.1.1 284.28 OK
r-devel-linux-x86_64-fedora-gcc 0.1.1 275.70 OK
r-devel-windows-ix86+x86_64 0.1.1 56.00 256.00 312.00 OK
r-patched-linux-x86_64 0.1.1 21.69 195.87 217.56 OK
r-patched-solaris-x86 0.1.1 390.00 OK
r-release-linux-x86_64 0.1.1 21.74 196.15 217.89 OK
r-release-osx-x86_64 0.1.1 OK
r-release-windows-ix86+x86_64 0.1.1 43.00 264.00 307.00 OK
r-oldrel-osx-x86_64 0.1.1 ERROR
r-oldrel-windows-ix86+x86_64 0.1.1 40.00 199.00 239.00 OK

Check Details

Version: 0.1.1
Check: package dependencies
Result: ERROR
    Package required but not available: ‘org.Hs.eg.db’
    
    See section ‘The DESCRIPTION file’ in the ‘Writing R Extensions’
    manual.
Flavor: r-oldrel-osx-x86_64