CRAN Package Check Results for Package ICtest

Last updated on 2022-09-27 05:52:14 CEST.

Flavor Version Tinstall Tcheck Ttotal Status Flags
r-devel-linux-x86_64-debian-clang 0.3-5 47.70 219.67 267.37 OK
r-devel-linux-x86_64-debian-gcc 0.3-5 35.62 154.82 190.44 OK
r-devel-linux-x86_64-fedora-clang 0.3-5 340.66 OK
r-devel-linux-x86_64-fedora-gcc 0.3-5 328.77 OK
r-devel-windows-x86_64 0.3-5 54.00 260.00 314.00 OK
r-patched-linux-x86_64 0.3-5 47.71 196.43 244.14 OK
r-release-linux-x86_64 0.3-5 45.70 199.62 245.32 OK
r-release-macos-arm64 0.3-5 99.00 NOTE
r-release-macos-x86_64 0.3-5 114.00 NOTE
r-release-windows-x86_64 0.3-5 53.00 267.00 320.00 OK
r-oldrel-macos-arm64 0.3-5 90.00 NOTE
r-oldrel-macos-x86_64 0.3-5 119.00 NOTE
r-oldrel-windows-ix86+x86_64 0.3-5 121.00 350.00 471.00 OK

Check Details

Version: 0.3-5
Check: installed package size
Result: NOTE
     installed size is 5.6Mb
     sub-directories of 1Mb or more:
     doc 2.5Mb
     libs 2.8Mb
Flavors: r-release-macos-arm64, r-release-macos-x86_64, r-oldrel-macos-arm64, r-oldrel-macos-x86_64