CRAN Package Check Results for Package IOHexperimenter

Last updated on 2021-01-18 05:47:26 CET.

Flavor Version Tinstall Tcheck Ttotal Status Flags
r-devel-linux-x86_64-debian-clang 0.1.4 52.19 30.63 82.82 OK
r-devel-linux-x86_64-debian-gcc 0.1.4 41.27 24.76 66.03 OK
r-devel-linux-x86_64-fedora-clang 0.1.4 136.91 NOTE
r-devel-linux-x86_64-fedora-gcc 0.1.4 122.66 OK
r-devel-windows-ix86+x86_64 0.1.4 119.00 64.00 183.00 OK
r-patched-linux-x86_64 0.1.4 48.56 30.11 78.67 OK
r-patched-solaris-x86 0.1.4 114.40 OK
r-release-linux-x86_64 0.1.4 46.48 30.68 77.16 OK
r-release-macos-x86_64 0.1.4 NOTE
r-release-windows-ix86+x86_64 0.1.4 150.00 69.00 219.00 OK
r-oldrel-macos-x86_64 0.1.4 NOTE
r-oldrel-windows-ix86+x86_64 0.1.4 132.00 58.00 190.00 OK

Check Details

Version: 0.1.4
Check: installed package size
Result: NOTE
     installed size is 6.9Mb
     sub-directories of 1Mb or more:
     libs 6.8Mb
Flavors: r-devel-linux-x86_64-fedora-clang, r-release-macos-x86_64, r-oldrel-macos-x86_64