CRAN Package Check Results for Package ISOpureR

Last updated on 2024-06-14 06:53:36 CEST.

Flavor Version Tinstall Tcheck Ttotal Status Flags
r-devel-linux-x86_64-debian-clang 1.1.3 31.93 57.23 89.16 NOTE
r-devel-linux-x86_64-debian-gcc 1.1.3 19.90 44.14 64.04 NOTE
r-devel-linux-x86_64-fedora-clang 1.1.3 121.49 NOTE
r-devel-linux-x86_64-fedora-gcc 1.1.3 126.40 NOTE
r-devel-windows-x86_64 1.1.3 26.00 97.00 123.00 NOTE
r-patched-linux-x86_64 1.1.3 22.80 56.89 79.69 NOTE
r-release-linux-x86_64 1.1.3 26.11 55.83 81.94 NOTE
r-release-macos-arm64 1.1.3 39.00 NOTE
r-release-macos-x86_64 1.1.3 62.00 WARN
r-release-windows-x86_64 1.1.3 26.00 99.00 125.00 NOTE
r-oldrel-macos-arm64 1.1.3 40.00 NOTE
r-oldrel-macos-x86_64 1.1.3 64.00 NOTE
r-oldrel-windows-x86_64 1.1.3 32.00 103.00 135.00 NOTE

Check Details

Version: 1.1.3
Check: Rd files
Result: NOTE checkRd: (-1) ISOpureS1.model_optimize.kappa.kappa_deriv_loglikelihood.Rd:9: Escaped LaTeX specials: \$ checkRd: (-1) ISOpureS1.model_optimize.kappa.kappa_deriv_loglikelihood.Rd:14: Escaped LaTeX specials: \$ checkRd: (-1) ISOpureS1.model_optimize.kappa.kappa_loglikelihood.Rd:11: Escaped LaTeX specials: \$ checkRd: (-1) ISOpureS2.model_optimize.kappa.kappa_deriv_loglikelihood.Rd:11: Escaped LaTeX specials: \$ checkRd: (-1) ISOpureS2.model_optimize.kappa.kappa_loglikelihood.Rd:11: Escaped LaTeX specials: \$ Flavors: r-devel-linux-x86_64-debian-clang, r-devel-linux-x86_64-debian-gcc, r-devel-linux-x86_64-fedora-clang, r-devel-linux-x86_64-fedora-gcc, r-devel-windows-x86_64, r-patched-linux-x86_64, r-release-linux-x86_64, r-release-macos-arm64, r-release-macos-x86_64, r-release-windows-x86_64, r-oldrel-macos-arm64, r-oldrel-macos-x86_64, r-oldrel-windows-x86_64

Version: 1.1.3
Check: re-building of vignette outputs
Result: WARN Error(s) in re-building vignettes: ... --- re-building ‘ISOpureRGuide.Rnw’ using knitr_notangle Error: processing vignette 'ISOpureRGuide.Rnw' failed with diagnostics: Running 'texi2dvi' on 'ISOpureRGuide.tex' failed. LaTeX errors: ! Undefined control sequence. l.300 \hlkwd{library}\hldef {(}\hlsng{"affy"}\hldef{);} ? ! Emergency stop. ! Emergency stop. l.300 End of file on the terminal! ! ==> Fatal error occurred, no output PDF file produced! --- failed re-building ‘ISOpureRGuide.Rnw’ SUMMARY: processing the following file failed: ‘ISOpureRGuide.Rnw’ Error: Vignette re-building failed. Execution halted Flavor: r-release-macos-x86_64