CRAN Package Check Results for Package IncDTW

Last updated on 2021-10-25 05:58:15 CEST.

Flavor Version Tinstall Tcheck Ttotal Status Flags
r-devel-linux-x86_64-debian-clang 1.1.4.3 108.36 90.23 198.59 NOTE
r-devel-linux-x86_64-debian-gcc 1.1.4.3 84.84 65.69 150.53 NOTE
r-devel-linux-x86_64-fedora-clang 1.1.4.3 324.19 NOTE
r-devel-linux-x86_64-fedora-gcc 1.1.4.3 271.92 NOTE
r-devel-windows-x86_64 1.1.4.3 151.00 122.00 273.00 NOTE
r-devel-windows-x86_64-gcc10-UCRT 1.1.4.3 NOTE
r-patched-linux-x86_64 1.1.4.3 105.67 84.73 190.40 NOTE
r-patched-solaris-x86 1.1.4.3 248.60 NOTE
r-release-linux-x86_64 1.1.4.3 100.26 84.49 184.75 NOTE
r-release-macos-arm64 1.1.4.3 NOTE
r-release-macos-x86_64 1.1.4.3 NOTE
r-release-windows-ix86+x86_64 1.1.4.3 217.00 162.00 379.00 NOTE
r-oldrel-macos-x86_64 1.1.4.3 NOTE
r-oldrel-windows-ix86+x86_64 1.1.4.3 287.00 155.00 442.00 NOTE

Check Details

Version: 1.1.4.3
Check: for GNU extensions in Makefiles
Result: NOTE
    GNU make is a SystemRequirements.
Flavors: r-devel-linux-x86_64-debian-clang, r-devel-linux-x86_64-debian-gcc, r-devel-linux-x86_64-fedora-clang, r-devel-linux-x86_64-fedora-gcc, r-devel-windows-x86_64, r-devel-windows-x86_64-gcc10-UCRT, r-patched-linux-x86_64, r-patched-solaris-x86, r-release-linux-x86_64, r-release-macos-arm64, r-release-macos-x86_64, r-release-windows-ix86+x86_64, r-oldrel-macos-x86_64, r-oldrel-windows-ix86+x86_64

Version: 1.1.4.3
Check: installed package size
Result: NOTE
     installed size is 6.2Mb
     sub-directories of 1Mb or more:
     libs 4.4Mb
Flavors: r-devel-linux-x86_64-fedora-clang, r-release-macos-arm64, r-release-macos-x86_64, r-oldrel-macos-x86_64