CRAN Package Check Results for Package IntegratedMRF

Last updated on 2024-06-15 06:49:48 CEST.

Flavor Version Tinstall Tcheck Ttotal Status Flags
r-devel-linux-x86_64-debian-clang 1.1.9 23.35 53.52 76.87 NOTE
r-devel-linux-x86_64-debian-gcc 1.1.9 15.70 40.14 55.84 NOTE
r-devel-linux-x86_64-fedora-clang 1.1.9 103.80 NOTE
r-devel-linux-x86_64-fedora-gcc 1.1.9 102.80 NOTE
r-devel-windows-x86_64 1.1.9 22.00 85.00 107.00 OK
r-patched-linux-x86_64 1.1.9 23.52 52.08 75.60 NOTE
r-release-linux-x86_64 1.1.9 22.59 50.22 72.81 NOTE
r-release-macos-arm64 1.1.9 34.00 OK
r-release-macos-x86_64 1.1.9 44.00 OK
r-release-windows-x86_64 1.1.9 23.00 92.00 115.00 OK
r-oldrel-macos-arm64 1.1.9 38.00 OK
r-oldrel-macos-x86_64 1.1.9 46.00 OK
r-oldrel-windows-x86_64 1.1.9 28.00 98.00 126.00 OK

Check Details

Version: 1.1.9
Check: for non-standard things in the check directory
Result: NOTE Found the following files/directories: ‘Error_Estimation_Response_1.tiff’ ‘Error_Estimation_Response_2.tiff’ ‘Error_Estimation_Response_3.tiff’ Flavors: r-devel-linux-x86_64-debian-clang, r-devel-linux-x86_64-debian-gcc, r-devel-linux-x86_64-fedora-clang, r-devel-linux-x86_64-fedora-gcc, r-patched-linux-x86_64, r-release-linux-x86_64