CRAN Package Check Results for Package Inventorymodel

Last updated on 2024-06-16 06:58:48 CEST.

Flavor Version Tinstall Tcheck Ttotal Status Flags
r-devel-linux-x86_64-debian-clang 1.1.0.1 4.20 40.67 44.87 NOTE
r-devel-linux-x86_64-debian-gcc 1.1.0.1 4.96 30.14 35.10 NOTE
r-devel-linux-x86_64-fedora-clang 1.1.0.1 56.36 NOTE
r-devel-linux-x86_64-fedora-gcc 1.1.0.1 53.99 NOTE
r-devel-windows-x86_64 1.1.0.1 6.00 60.00 66.00 NOTE
r-patched-linux-x86_64 1.1.0.1 4.78 37.60 42.38 NOTE
r-release-linux-x86_64 1.1.0.1 4.37 38.62 42.99 NOTE
r-release-macos-arm64 1.1.0.1 20.00 NOTE
r-release-macos-x86_64 1.1.0.1 28.00 NOTE
r-release-windows-x86_64 1.1.0.1 6.00 58.00 64.00 NOTE
r-oldrel-macos-arm64 1.1.0.1 20.00 OK
r-oldrel-macos-x86_64 1.1.0.1 36.00 OK
r-oldrel-windows-x86_64 1.1.0.1 7.00 57.00 64.00 OK

Check Details

Version: 1.1.0.1
Check: Rd files
Result: NOTE checkRd: (-1) Inventorymodel-package.Rd:34: Lost braces 34 | M.G. Fiestras-Janeiro, I. GarcĂ­a-Jurado, A. Meca, M.A. Mosquera (2015). Cooperation on capacitated inventory situations with fixed holding costs. emph{European Journal of Operational Research}, \bold{241}(3), 719--726. | ^ Flavors: r-devel-linux-x86_64-debian-clang, r-devel-linux-x86_64-debian-gcc, r-devel-linux-x86_64-fedora-clang, r-devel-linux-x86_64-fedora-gcc, r-devel-windows-x86_64, r-patched-linux-x86_64, r-release-linux-x86_64, r-release-macos-arm64, r-release-macos-x86_64, r-release-windows-x86_64