CRAN Package Check Results for Package JMbayes2

Last updated on 2022-08-12 05:52:49 CEST.

Flavor Version Tinstall Tcheck Ttotal Status Flags
r-devel-linux-x86_64-debian-clang 0.2-8 99.19 145.42 244.61 OK
r-devel-linux-x86_64-debian-gcc 0.2-8 89.01 105.40 194.41 OK
r-devel-linux-x86_64-fedora-clang 0.2-8 341.90 NOTE
r-devel-linux-x86_64-fedora-gcc 0.2-8 330.30 OK
r-devel-windows-x86_64 0.2-8 96.00 178.00 274.00 OK
r-patched-linux-x86_64 0.2-8 90.95 136.30 227.25 OK
r-release-linux-x86_64 0.2-8 97.00 140.30 237.30 OK
r-release-macos-arm64 0.2-8 86.00 NOTE
r-release-macos-x86_64 0.2-8 113.00 NOTE
r-release-windows-x86_64 0.2-8 97.00 174.00 271.00 OK
r-oldrel-macos-arm64 0.2-8 76.00 NOTE
r-oldrel-macos-x86_64 0.2-8 105.00 NOTE
r-oldrel-windows-ix86+x86_64 0.2-8 204.00 205.00 409.00 OK

Check Details

Version: 0.2-8
Check: installed package size
Result: NOTE
     installed size is 7.1Mb
     sub-directories of 1Mb or more:
     libs 6.4Mb
Flavors: r-devel-linux-x86_64-fedora-clang, r-release-macos-arm64, r-release-macos-x86_64, r-oldrel-macos-arm64, r-oldrel-macos-x86_64