CRAN Package Check Results for Package JustifyAlpha

Last updated on 2021-12-05 05:52:50 CET.

Flavor Version Tinstall Tcheck Ttotal Status Flags
r-devel-linux-x86_64-debian-clang 0.1.1 3.02 141.66 144.68 OK
r-devel-linux-x86_64-debian-gcc 0.1.1 2.77 103.94 106.71 OK
r-devel-linux-x86_64-fedora-clang 0.1.1 170.49 NOTE
r-devel-linux-x86_64-fedora-gcc 0.1.1 170.82 NOTE
r-devel-windows-x86_64-new-UL 0.1.1 12.00 215.00 227.00 OK
r-devel-windows-x86_64-new-TK 0.1.1 NOTE
r-devel-windows-x86_64-old 0.1.1 8.00 131.00 139.00 OK
r-patched-linux-x86_64 0.1.1 3.28 126.03 129.31 OK
r-release-linux-x86_64 0.1.1 3.26 135.95 139.21 OK
r-release-macos-arm64 0.1.1 NOTE
r-release-macos-x86_64 0.1.1 NOTE
r-release-windows-ix86+x86_64 0.1.1 10.00 167.00 177.00 OK
r-oldrel-macos-x86_64 0.1.1 NOTE
r-oldrel-windows-ix86+x86_64 0.1.1 11.00 177.00 188.00 OK

Check Details

Version: 0.1.1
Check: dependencies in R code
Result: NOTE
    Namespaces in Imports field not imported from:
     ‘Superpower’ ‘pwr’ ‘shinydashboard’
     All declared Imports should be used.
Flavors: r-devel-linux-x86_64-fedora-clang, r-devel-linux-x86_64-fedora-gcc, r-devel-windows-x86_64-new-TK, r-release-macos-arm64, r-release-macos-x86_64, r-oldrel-macos-x86_64