CRAN Package Check Results for Package KSD

Last updated on 2024-06-16 06:58:49 CEST.

Flavor Version Tinstall Tcheck Ttotal Status Flags
r-devel-linux-x86_64-debian-clang 1.0.1 2.67 29.01 31.68 NOTE
r-devel-linux-x86_64-debian-gcc 1.0.1 2.19 21.98 24.17 NOTE
r-devel-linux-x86_64-fedora-clang 1.0.1 39.89 NOTE
r-devel-linux-x86_64-fedora-gcc 1.0.1 37.77 NOTE
r-devel-windows-x86_64 1.0.1 4.00 44.00 48.00 NOTE
r-patched-linux-x86_64 1.0.1 3.51 27.53 31.04 NOTE
r-release-linux-x86_64 1.0.1 3.20 27.65 30.85 NOTE
r-release-macos-arm64 1.0.1 16.00 NOTE
r-release-macos-x86_64 1.0.1 26.00 NOTE
r-release-windows-x86_64 1.0.1 3.00 47.00 50.00 NOTE
r-oldrel-macos-arm64 1.0.1 15.00 NOTE
r-oldrel-macos-x86_64 1.0.1 23.00 NOTE
r-oldrel-windows-x86_64 1.0.1 4.00 47.00 51.00 NOTE

Check Details

Version: 1.0.1
Check: LazyData
Result: NOTE 'LazyData' is specified without a 'data' directory Flavors: r-devel-linux-x86_64-debian-clang, r-devel-linux-x86_64-debian-gcc, r-devel-linux-x86_64-fedora-clang, r-devel-linux-x86_64-fedora-gcc, r-devel-windows-x86_64, r-patched-linux-x86_64, r-release-linux-x86_64, r-release-macos-arm64, r-release-macos-x86_64, r-release-windows-x86_64, r-oldrel-macos-arm64, r-oldrel-macos-x86_64, r-oldrel-windows-x86_64