CRAN Package Check Results for Package KenSyn

Last updated on 2022-05-20 05:54:31 CEST.

Flavor Version Tinstall Tcheck Ttotal Status Flags
r-devel-linux-x86_64-debian-clang 0.3 1.82 30.99 32.81 OK
r-devel-linux-x86_64-debian-gcc 0.3 1.74 23.92 25.66 OK
r-devel-linux-x86_64-fedora-clang 0.3 39.97 NOTE
r-devel-linux-x86_64-fedora-gcc 0.3 38.98 NOTE
r-devel-windows-x86_64 0.3 14.00 46.00 60.00 OK
r-patched-linux-x86_64 0.3 1.85 29.82 31.67 OK
r-release-linux-x86_64 0.3 2.15 29.79 31.94 OK
r-release-macos-arm64 0.3 15.00 NOTE
r-release-macos-x86_64 0.3 24.00 NOTE
r-release-windows-x86_64 0.3 16.00 47.00 63.00 OK
r-oldrel-macos-arm64 0.3 19.00 NOTE
r-oldrel-macos-x86_64 0.3 28.00 NOTE
r-oldrel-windows-ix86+x86_64 0.3 7.00 40.00 47.00 OK

Check Details

Version: 0.3
Check: dependencies in R code
Result: NOTE
    Namespaces in Imports field not imported from:
     ‘lme4’ ‘metafor’ ‘nlme’
     All declared Imports should be used.
Flavors: r-devel-linux-x86_64-fedora-clang, r-devel-linux-x86_64-fedora-gcc, r-release-macos-arm64, r-release-macos-x86_64, r-oldrel-macos-arm64, r-oldrel-macos-x86_64