CRAN Package Check Results for Package KernSmoothIRT

Last updated on 2022-08-10 05:54:52 CEST.

Flavor Version Tinstall Tcheck Ttotal Status Flags
r-devel-linux-x86_64-debian-clang 6.4 33.80 52.90 86.70 OK
r-devel-linux-x86_64-debian-gcc 6.4 24.00 40.56 64.56 OK
r-devel-linux-x86_64-fedora-clang 6.4 121.90 NOTE
r-devel-linux-x86_64-fedora-gcc 6.4 115.06 NOTE
r-devel-windows-x86_64 6.4 165.00 93.00 258.00 OK
r-patched-linux-x86_64 6.4 27.50 51.94 79.44 OK
r-release-linux-x86_64 6.4 OK
r-release-macos-arm64 6.4 32.00 OK
r-release-macos-x86_64 6.4 44.00 OK
r-release-windows-x86_64 6.4 55.00 94.00 149.00 OK
r-oldrel-macos-arm64 6.4 43.00 OK
r-oldrel-macos-x86_64 6.4 60.00 OK
r-oldrel-windows-ix86+x86_64 6.4 80.00 103.00 183.00 OK

Check Details

Version: 6.4
Check: compiled code
Result: NOTE
    File ‘KernSmoothIRT/libs/KernSmoothIRT.so’:
     Found no calls to: ‘R_registerRoutines’, ‘R_useDynamicSymbols’
    
    It is good practice to register native routines and to disable symbol
    search.
    
    See ‘Writing portable packages’ in the ‘Writing R Extensions’ manual.
Flavors: r-devel-linux-x86_64-fedora-clang, r-devel-linux-x86_64-fedora-gcc