CRAN Package Check Results for Package LA

Last updated on 2022-08-15 05:49:24 CEST.

Flavor Version Tinstall Tcheck Ttotal Status Flags
r-devel-linux-x86_64-debian-clang 2.1 34.72 28.74 63.46 NOTE
r-devel-linux-x86_64-debian-gcc 2.1 28.74 22.43 51.17 NOTE
r-devel-linux-x86_64-fedora-clang 2.1 108.81 NOTE
r-devel-linux-x86_64-fedora-gcc 2.1 98.62 NOTE
r-devel-windows-x86_64 2.1 36.00 72.00 108.00 NOTE
r-patched-linux-x86_64 2.1 36.12 28.11 64.23 OK
r-release-linux-x86_64 2.1 30.37 28.84 59.21 OK
r-release-macos-arm64 2.1 32.00 OK
r-release-macos-x86_64 2.1 38.00 OK
r-release-windows-x86_64 2.1 33.00 76.00 109.00 OK
r-oldrel-macos-arm64 2.1 28.00 OK
r-oldrel-macos-x86_64 2.1 40.00 OK
r-oldrel-windows-ix86+x86_64 2.1 93.00 74.00 167.00 OK

Check Details

Version: 2.1
Check: package subdirectories
Result: NOTE
    Problems with news in 'NEWS.md':
    No news entries found.
Flavors: r-devel-linux-x86_64-debian-clang, r-devel-linux-x86_64-debian-gcc, r-devel-linux-x86_64-fedora-clang, r-devel-linux-x86_64-fedora-gcc, r-devel-windows-x86_64