CRAN Package Check Results for Package LDheatmap

Last updated on 2019-03-25 05:49:37 CET.

Flavor Version Tinstall Tcheck Ttotal Status Flags
r-devel-linux-x86_64-debian-clang 0.99-5 2.96 64.82 67.78 OK
r-devel-linux-x86_64-debian-gcc 0.99-5 2.43 49.86 52.29 OK
r-devel-linux-x86_64-fedora-clang 0.99-5 81.45 OK
r-devel-linux-x86_64-fedora-gcc 0.99-5 OK
r-devel-windows-ix86+x86_64 0.99-5 8.00 89.00 97.00 OK
r-patched-linux-x86_64 0.99-5 2.15 58.57 60.72 OK
r-patched-solaris-x86 0.99-5 100.10 OK
r-release-linux-x86_64 0.99-5 1.86 58.54 60.40 OK
r-release-windows-ix86+x86_64 0.99-5 4.00 80.00 84.00 OK
r-release-osx-x86_64 0.99-5 NOTE
r-oldrel-windows-ix86+x86_64 0.99-5 4.00 91.00 95.00 OK
r-oldrel-osx-x86_64 0.99-5 OK

Check Details

Version: 0.99-5
Check: package dependencies
Result: NOTE
    Package suggested but not available for checking: ‘rtracklayer’
Flavor: r-release-osx-x86_64