CRAN Package Check Results for Package LDheatmap

Last updated on 2019-06-18 05:49:53 CEST.

Flavor Version Tinstall Tcheck Ttotal Status Flags
r-devel-linux-x86_64-debian-clang 0.99-5 3.30 63.36 66.66 OK
r-devel-linux-x86_64-debian-gcc 0.99-5 2.54 50.79 53.33 OK
r-devel-linux-x86_64-fedora-clang 0.99-5 81.02 OK
r-devel-linux-x86_64-fedora-gcc 0.99-5 78.57 OK
r-devel-windows-ix86+x86_64 0.99-5 9.00 86.00 95.00 OK
r-patched-linux-x86_64 0.99-5 3.40 63.13 66.53 OK
r-patched-solaris-x86 0.99-5 118.80 OK
r-release-linux-x86_64 0.99-5 3.00 63.29 66.29 OK
r-release-windows-ix86+x86_64 0.99-5 8.00 117.00 125.00 OK
r-release-osx-x86_64 0.99-5 ERROR
r-oldrel-windows-ix86+x86_64 0.99-5 5.00 100.00 105.00 OK
r-oldrel-osx-x86_64 0.99-5 NOTE

Check Details

Version: 0.99-5
Check: package dependencies
Result: ERROR
    Package required but not available: ‘snpStats’
    
    Packages suggested but not available for checking:
     'rtracklayer', 'GenomicRanges', 'GenomeInfoDb', 'IRanges'
    
    See section ‘The DESCRIPTION file’ in the ‘Writing R Extensions’
    manual.
Flavor: r-release-osx-x86_64

Version: 0.99-5
Check: package dependencies
Result: NOTE
    Package suggested but not available for checking: ‘rtracklayer’
Flavor: r-oldrel-osx-x86_64