CRAN Package Check Results for Package LDheatmap

Last updated on 2019-01-17 05:50:09 CET.

Flavor Version Tinstall Tcheck Ttotal Status Flags
r-devel-linux-x86_64-debian-clang 0.99-5 2.60 62.62 65.22 OK
r-devel-linux-x86_64-debian-gcc 0.99-5 2.33 48.73 51.06 OK
r-devel-linux-x86_64-fedora-clang 0.99-5 81.87 OK
r-devel-linux-x86_64-fedora-gcc 0.99-5 77.35 OK
r-devel-windows-ix86+x86_64 0.99-5 5.00 75.00 80.00 OK
r-patched-linux-x86_64 0.99-5 2.84 58.63 61.47 OK
r-patched-solaris-x86 0.99-5 104.50 OK
r-release-linux-x86_64 0.99-5 2.87 57.53 60.40 OK
r-release-windows-ix86+x86_64 0.99-5 6.00 158.00 164.00 OK
r-release-osx-x86_64 0.99-5 NOTE
r-oldrel-windows-ix86+x86_64 0.99-5 4.00 78.00 82.00 OK
r-oldrel-osx-x86_64 0.99-5 OK

Check Details

Version: 0.99-5
Check: package dependencies
Result: NOTE
    Package suggested but not available for checking: ‘rtracklayer’
Flavor: r-release-osx-x86_64