CRAN Package Check Results for Package LINselect

Last updated on 2019-09-22 05:46:15 CEST.

Flavor Version Tinstall Tcheck Ttotal Status Flags
r-devel-linux-x86_64-debian-clang 1.1.1 3.73 40.46 44.19 OK
r-devel-linux-x86_64-debian-gcc 1.1.1 3.03 31.08 34.11 OK
r-devel-linux-x86_64-fedora-clang 1.1.1 52.25 OK
r-devel-linux-x86_64-fedora-gcc 1.1.1 51.10 OK
r-devel-windows-ix86+x86_64 1.1.1 21.00 49.00 70.00 OK
r-patched-linux-x86_64 1.1.1 3.50 39.56 43.06 OK
r-patched-solaris-x86 1.1.1 70.90 OK
r-release-linux-x86_64 1.1.1 2.41 39.94 42.35 OK
r-release-windows-ix86+x86_64 1.1.1 8.00 51.00 59.00 OK
r-release-osx-x86_64 1.1.1 OK
r-oldrel-windows-ix86+x86_64 1.1 10.00 77.00 87.00 OK
r-oldrel-osx-x86_64 1.1.1 ERROR

Check Details

Version: 1.1.1
Check: whether package can be installed
Result: ERROR
    Installation failed.
Flavor: r-oldrel-osx-x86_64