CRAN Package Check Results for Package LOGAN

Last updated on 2021-12-07 05:55:09 CET.

Flavor Version Tinstall Tcheck Ttotal Status Flags
r-devel-linux-x86_64-debian-clang 1.0.0 3.87 39.07 42.94 OK
r-devel-linux-x86_64-debian-gcc 1.0.0 2.82 33.63 36.45 OK
r-devel-linux-x86_64-fedora-clang 1.0.0 58.68 NOTE
r-devel-linux-x86_64-fedora-gcc 1.0.0 46.71 NOTE
r-devel-windows-x86_64-new-UL 1.0.0 16.00 71.00 87.00 OK
r-devel-windows-x86_64-new-TK 1.0.0 NOTE
r-devel-windows-x86_64-old 1.0.0 8.00 55.00 63.00 OK
r-patched-linux-x86_64 1.0.0 4.27 40.27 44.54 OK
r-release-linux-x86_64 1.0.0 4.12 40.92 45.04 OK
r-release-macos-arm64 1.0.0 NOTE
r-release-macos-x86_64 1.0.0 NOTE
r-release-windows-ix86+x86_64 1.0.0 6.00 50.00 56.00 OK
r-oldrel-macos-x86_64 1.0.0 NOTE
r-oldrel-windows-ix86+x86_64 1.0.0 8.00 53.00 61.00 OK

Check Details

Version: 1.0.0
Check: dependencies in R code
Result: NOTE
    Namespace in Imports field not imported from: ‘modules’
     All declared Imports should be used.
Flavors: r-devel-linux-x86_64-fedora-clang, r-devel-linux-x86_64-fedora-gcc, r-devel-windows-x86_64-new-TK, r-release-macos-arm64, r-release-macos-x86_64, r-oldrel-macos-x86_64