CRAN Package Check Results for Package LPsmooth

Last updated on 2022-07-05 05:52:55 CEST.

Flavor Version Tinstall Tcheck Ttotal Status Flags
r-devel-linux-x86_64-debian-clang 0.1.3 11.66 128.30 139.96 NOTE
r-devel-linux-x86_64-debian-gcc 0.1.3 10.87 93.69 104.56 NOTE
r-devel-linux-x86_64-fedora-clang 0.1.3 183.31 NOTE
r-devel-linux-x86_64-fedora-gcc 0.1.3 175.91 NOTE
r-devel-windows-x86_64 0.1.3 20.00 141.00 161.00 NOTE
r-patched-linux-x86_64 0.1.3 13.57 120.53 134.10 NOTE
r-release-linux-x86_64 0.1.3 14.34 120.67 135.01 NOTE
r-release-macos-arm64 0.1.3 42.00 NOTE
r-release-macos-x86_64 0.1.3 81.00 NOTE
r-release-windows-x86_64 0.1.3 22.00 149.00 171.00 NOTE
r-oldrel-macos-arm64 0.1.3 52.00 NOTE
r-oldrel-macos-x86_64 0.1.3 85.00 NOTE
r-oldrel-windows-ix86+x86_64 0.1.3 33.00 143.00 176.00 NOTE

Check Details

Version: 0.1.3
Check: LazyData
Result: NOTE
     'LazyData' is specified without a 'data' directory
Flavors: r-devel-linux-x86_64-debian-clang, r-devel-linux-x86_64-debian-gcc, r-devel-linux-x86_64-fedora-clang, r-devel-linux-x86_64-fedora-gcc, r-devel-windows-x86_64, r-patched-linux-x86_64, r-release-linux-x86_64, r-release-macos-arm64, r-release-macos-x86_64, r-release-windows-x86_64, r-oldrel-macos-arm64, r-oldrel-macos-x86_64, r-oldrel-windows-ix86+x86_64