CRAN Package Check Results for Package LSAmitR

Last updated on 2020-06-04 05:49:05 CEST.

Flavor Version Tinstall Tcheck Ttotal Status Flags
r-devel-linux-x86_64-debian-clang 1.0-2 11.92 105.87 117.79 OK
r-devel-linux-x86_64-debian-gcc 1.0-2 11.00 81.12 92.12 OK
r-devel-linux-x86_64-fedora-clang 1.0-2 150.27 NOTE
r-devel-linux-x86_64-fedora-gcc 1.0-2 139.22 NOTE
r-devel-windows-ix86+x86_64 1.0-2 36.00 126.00 162.00 OK
r-patched-linux-x86_64 1.0-2 8.85 103.79 112.64 OK
r-patched-solaris-x86 1.0-2 214.80 NOTE
r-release-linux-x86_64 1.0-2 12.03 104.41 116.44 OK
r-release-osx-x86_64 1.0-2 NOTE
r-release-windows-ix86+x86_64 1.0-2 28.00 133.00 161.00 OK
r-oldrel-osx-x86_64 1.0-2 NOTE
r-oldrel-windows-ix86+x86_64 1.0-2 36.00 128.00 164.00 OK

Check Details

Version: 1.0-2
Check: data for non-ASCII characters
Result: NOTE
     Note: found 55 marked UTF-8 strings
Flavors: r-devel-linux-x86_64-fedora-clang, r-devel-linux-x86_64-fedora-gcc, r-patched-solaris-x86, r-release-osx-x86_64, r-oldrel-osx-x86_64