CRAN Package Check Results for Package LSAmitR

Last updated on 2019-09-18 05:47:02 CEST.

Flavor Version Tinstall Tcheck Ttotal Status Flags
r-devel-linux-x86_64-debian-clang 1.0-2 9.94 92.36 102.30 OK
r-devel-linux-x86_64-debian-gcc 1.0-2 8.80 73.01 81.81 OK
r-devel-linux-x86_64-fedora-clang 1.0-2 133.45 NOTE
r-devel-linux-x86_64-fedora-gcc 1.0-2 122.56 NOTE
r-devel-windows-ix86+x86_64 1.0-2 41.00 162.00 203.00 OK
r-patched-linux-x86_64 1.0-2 8.65 90.80 99.45 OK
r-patched-solaris-x86 1.0-2 208.90 NOTE
r-release-linux-x86_64 1.0-2 9.64 89.88 99.52 OK
r-release-windows-ix86+x86_64 1.0-2 22.00 115.00 137.00 OK
r-release-osx-x86_64 1.0-2 NOTE
r-oldrel-windows-ix86+x86_64 1.0-2 23.00 152.00 175.00 OK
r-oldrel-osx-x86_64 1.0-2 NOTE

Check Details

Version: 1.0-2
Check: data for non-ASCII characters
Result: NOTE
     Note: found 55 marked UTF-8 strings
Flavors: r-devel-linux-x86_64-fedora-clang, r-devel-linux-x86_64-fedora-gcc, r-patched-solaris-x86, r-release-osx-x86_64, r-oldrel-osx-x86_64