CRAN Package Check Results for Package LUCIDus

Last updated on 2019-12-07 05:47:37 CET.

Flavor Version Tinstall Tcheck Ttotal Status Flags
r-devel-linux-x86_64-debian-clang 1.0.0 13.28 161.17 174.45 OK
r-devel-linux-x86_64-debian-gcc 1.0.0 13.69 116.55 130.24 OK
r-devel-linux-x86_64-fedora-clang 1.0.0 203.69 NOTE
r-devel-linux-x86_64-fedora-gcc 1.0.0 198.56 NOTE
r-devel-windows-ix86+x86_64 1.0.0 37.00 395.00 432.00 OK
r-devel-windows-ix86+x86_64-gcc8 0.9.0 22.00 325.00 347.00 OK
r-patched-linux-x86_64 1.0.0 14.00 137.71 151.71 OK
r-patched-solaris-x86 1.0.0 201.60 WARN
r-release-linux-x86_64 1.0.0 12.41 137.33 149.74 OK
r-release-windows-ix86+x86_64 1.0.0 31.00 319.00 350.00 OK
r-release-osx-x86_64 1.0.0 WARN
r-oldrel-windows-ix86+x86_64 1.0.0 14.00 270.00 284.00 OK
r-oldrel-osx-x86_64 1.0.0 WARN

Check Details

Version: 1.0.0
Check: dependencies in R code
Result: NOTE
    Namespace in Imports field not imported from: ‘methods’
     All declared Imports should be used.
Flavors: r-devel-linux-x86_64-fedora-clang, r-devel-linux-x86_64-fedora-gcc, r-patched-solaris-x86, r-release-osx-x86_64, r-oldrel-osx-x86_64

Version: 1.0.0
Check: re-building of vignette outputs
Result: WARN
    Error(s) in re-building vignettes:
     ...
    --- re-building ‘LUCIDus-vignette.Rmd’ using rmarkdown
    Warning in engine$weave(file, quiet = quiet, encoding = enc) :
     Pandoc (>= 1.12.3) and/or pandoc-citeproc not available. Falling back to R Markdown v1.
    Quitting from lines 63-64 (LUCIDus-vignette.Rmd)
    Error: processing vignette 'LUCIDus-vignette.Rmd' failed with diagnostics:
    there is no package called 'webshot'
    --- failed re-building ‘LUCIDus-vignette.Rmd’
    
    SUMMARY: processing the following file failed:
     ‘LUCIDus-vignette.Rmd’
    
    Error: Vignette re-building failed.
    Execution halted
Flavor: r-patched-solaris-x86

Version: 1.0.0
Check: re-building of vignette outputs
Result: WARN
    Error(s) in re-building vignettes:
     ...
    --- re-building ‘LUCIDus-vignette.Rmd’ using rmarkdown
    Warning in engine$weave(file, quiet = quiet, encoding = enc) :
     Pandoc (>= 1.12.3) and/or pandoc-citeproc not available. Falling back to R Markdown v1.
    Quitting from lines 63-64 (LUCIDus-vignette.Rmd)
    Error: processing vignette 'LUCIDus-vignette.Rmd' failed with diagnostics:
    cannot open the connection
    --- failed re-building ‘LUCIDus-vignette.Rmd’
    
    SUMMARY: processing the following file failed:
     ‘LUCIDus-vignette.Rmd’
    
    Error: Vignette re-building failed.
    Execution halted
Flavor: r-release-osx-x86_64

Version: 1.0.0
Check: re-building of vignette outputs
Result: WARN
    Error in re-building vignettes:
     ...
    Warning in engine$weave(file, quiet = quiet, encoding = enc) :
     Pandoc (>= 1.12.3) and/or pandoc-citeproc not available. Falling back to R Markdown v1.
    Quitting from lines 63-64 (LUCIDus-vignette.Rmd)
    Error: processing vignette 'LUCIDus-vignette.Rmd' failed with diagnostics:
    cannot open the connection
    Execution halted
Flavor: r-oldrel-osx-x86_64