CRAN Package Check Results for Package LaplacesDemon

Last updated on 2022-08-16 05:54:02 CEST.

Flavor Version Tinstall Tcheck Ttotal Status Flags
r-devel-linux-x86_64-debian-clang 16.1.6 50.36 299.38 349.74 NOTE
r-devel-linux-x86_64-debian-gcc 16.1.6 39.07 221.47 260.54 NOTE
r-devel-linux-x86_64-fedora-clang 16.1.6 418.79 NOTE
r-devel-linux-x86_64-fedora-gcc 16.1.6 418.09 NOTE
r-devel-windows-x86_64 16.1.6 451.00 347.00 798.00 NOTE
r-patched-linux-x86_64 16.1.6 52.79 282.01 334.80 OK
r-release-linux-x86_64 16.1.6 45.16 281.82 326.98 OK
r-release-macos-arm64 16.1.6 92.00 NOTE
r-release-macos-x86_64 16.1.6 139.00 OK
r-release-windows-x86_64 16.1.6 474.00 337.00 811.00 OK
r-oldrel-macos-arm64 16.1.6 118.00 NOTE
r-oldrel-macos-x86_64 16.1.6 158.00 OK
r-oldrel-windows-ix86+x86_64 16.1.6 76.00 298.00 374.00 OK

Check Details

Version: 16.1.6
Check: Rd files
Result: NOTE
    checkRd: (-1) LaplaceApproximation.Rd:485: Escaped LaTeX specials: \&
    checkRd: (-1) LossMatrix.Rd:115: Escaped LaTeX specials: \&
    checkRd: (-1) LossMatrix.Rd:117: Escaped LaTeX specials: \&
Flavors: r-devel-linux-x86_64-debian-clang, r-devel-linux-x86_64-debian-gcc, r-devel-linux-x86_64-fedora-clang, r-devel-linux-x86_64-fedora-gcc, r-devel-windows-x86_64

Version: 16.1.6
Check: installed package size
Result: NOTE
     installed size is 5.4Mb
     sub-directories of 1Mb or more:
     R 2.1Mb
     doc 1.7Mb
     help 1.1Mb
Flavors: r-release-macos-arm64, r-oldrel-macos-arm64