CRAN Package Check Results for Package LeArEst

Last updated on 2022-09-26 05:55:45 CEST.

Flavor Version Tinstall Tcheck Ttotal Status Flags
r-devel-linux-x86_64-debian-clang 1.0.0 5.38 34.61 39.99 NOTE
r-devel-linux-x86_64-debian-gcc 1.0.0 4.38 26.90 31.28 NOTE
r-devel-linux-x86_64-fedora-clang 1.0.0 60.11 NOTE
r-devel-linux-x86_64-fedora-gcc 1.0.0 62.14 NOTE
r-devel-windows-x86_64 1.0.0 22.00 60.00 82.00 NOTE
r-patched-linux-x86_64 1.0.0 5.30 33.69 38.99 NOTE
r-release-linux-x86_64 1.0.0 5.81 33.80 39.61 NOTE
r-release-macos-arm64 1.0.0 18.00 NOTE
r-release-macos-x86_64 1.0.0 30.00 NOTE
r-release-windows-x86_64 1.0.0 8.00 56.00 64.00 NOTE
r-oldrel-macos-arm64 1.0.0 22.00 NOTE
r-oldrel-macos-x86_64 1.0.0 29.00 NOTE
r-oldrel-windows-ix86+x86_64 1.0.0 11.00 56.00 67.00 NOTE

Check Details

Version: 1.0.0
Check: LazyData
Result: NOTE
     'LazyData' is specified without a 'data' directory
Flavors: r-devel-linux-x86_64-debian-clang, r-devel-linux-x86_64-debian-gcc, r-devel-linux-x86_64-fedora-clang, r-devel-linux-x86_64-fedora-gcc, r-devel-windows-x86_64, r-patched-linux-x86_64, r-release-linux-x86_64, r-release-macos-arm64, r-release-macos-x86_64, r-release-windows-x86_64, r-oldrel-macos-arm64, r-oldrel-macos-x86_64, r-oldrel-windows-ix86+x86_64