CRAN Package Check Results for Package LearnClust

Last updated on 2022-05-19 05:51:57 CEST.

Flavor Version Tinstall Tcheck Ttotal Status Flags
r-devel-linux-x86_64-debian-clang 1.1 4.12 63.40 67.52 NOTE
r-devel-linux-x86_64-debian-gcc 1.1 4.57 46.31 50.88 NOTE
r-devel-linux-x86_64-fedora-clang 1.1 83.98 NOTE
r-devel-linux-x86_64-fedora-gcc 1.1 78.40 NOTE
r-devel-windows-x86_64 1.1 69.00 86.00 155.00 NOTE
r-patched-linux-x86_64 1.1 5.59 59.48 65.07 NOTE
r-release-linux-x86_64 1.1 6.00 58.78 64.78 NOTE
r-release-macos-arm64 1.1 25.00 NOTE
r-release-macos-x86_64 1.1 36.00 NOTE
r-release-windows-x86_64 1.1 60.00 90.00 150.00 NOTE
r-oldrel-macos-arm64 1.1 30.00 NOTE
r-oldrel-macos-x86_64 1.1 47.00 NOTE
r-oldrel-windows-ix86+x86_64 1.1 12.00 84.00 96.00 NOTE

Check Details

Version: 1.1
Check: LazyData
Result: NOTE
     'LazyData' is specified without a 'data' directory
Flavors: r-devel-linux-x86_64-debian-clang, r-devel-linux-x86_64-debian-gcc, r-devel-linux-x86_64-fedora-clang, r-devel-linux-x86_64-fedora-gcc, r-devel-windows-x86_64, r-patched-linux-x86_64, r-release-linux-x86_64, r-release-macos-arm64, r-release-macos-x86_64, r-release-windows-x86_64, r-oldrel-macos-arm64, r-oldrel-macos-x86_64, r-oldrel-windows-ix86+x86_64