CRAN Package Check Results for Package LikertMakeR

Last updated on 2024-06-13 06:58:07 CEST.

Flavor Version Tinstall Tcheck Ttotal Status Flags
r-devel-linux-x86_64-debian-clang 0.3.0 36.79 88.49 125.28 OK
r-devel-linux-x86_64-debian-gcc 0.3.0 0.41 1.69 2.10 ERROR
r-devel-linux-x86_64-fedora-clang 0.3.0 169.37 OK
r-devel-linux-x86_64-fedora-gcc 0.3.0 177.88 OK
r-devel-windows-x86_64 0.3.0 31.00 115.00 146.00 OK
r-patched-linux-x86_64 0.3.0 29.75 84.99 114.74 OK
r-release-linux-x86_64 0.3.0 29.49 84.11 113.60 OK
r-release-macos-arm64 0.3.0 56.00 OK
r-release-macos-x86_64 0.3.0 80.00 OK
r-release-windows-x86_64 0.3.0 32.00 117.00 149.00 OK
r-oldrel-macos-arm64 0.3.0 56.00 OK
r-oldrel-macos-x86_64 0.3.0 113.00 OK
r-oldrel-windows-x86_64 0.3.0 39.00 131.00 170.00 OK

Check Details

Version: 0.3.0
Check: package dependencies
Result: ERROR Package required but not available: ‘dplyr’ Package suggested but not available for checking: ‘testthat’ See section ‘The DESCRIPTION file’ in the ‘Writing R Extensions’ manual. Flavor: r-devel-linux-x86_64-debian-gcc