CRAN Package Check Results for Package LocFDRPois

Last updated on 2019-08-18 05:46:18 CEST.

Flavor Version Tinstall Tcheck Ttotal Status Flags
r-devel-linux-x86_64-debian-clang 1.0.0 4.09 35.50 39.59 NOTE
r-devel-linux-x86_64-debian-gcc 1.0.0 3.72 28.13 31.85 NOTE
r-devel-linux-x86_64-fedora-clang 1.0.0 49.95 NOTE
r-devel-linux-x86_64-fedora-gcc 1.0.0 44.58 NOTE
r-devel-windows-ix86+x86_64 1.0.0 14.00 65.00 79.00 NOTE
r-patched-linux-x86_64 1.0.0 3.72 34.44 38.16 NOTE
r-patched-solaris-x86 1.0.0 73.60 NOTE
r-release-linux-x86_64 1.0.0 3.63 34.36 37.99 NOTE
r-release-windows-ix86+x86_64 1.0.0 13.00 74.00 87.00 NOTE
r-release-osx-x86_64 1.0.0 NOTE
r-oldrel-windows-ix86+x86_64 1.0.0 9.00 72.00 81.00 NOTE
r-oldrel-osx-x86_64 1.0.0 NOTE

Check Details

Version: 1.0.0
Check: R code for possible problems
Result: NOTE
    AnalyticalOptim: no visible global function definition for 'optim'
    LLConstructor : LL: no visible global function definition for 'dpois'
    MixtureDensity: no visible global function definition for 'glm'
    MixtureDensity : f_hat: no visible global function definition for
     'predict'
    NullDensity : f0: no visible global function definition for 'dpois'
    Undefined global functions or variables:
     dpois glm optim predict
    Consider adding
     importFrom("stats", "dpois", "glm", "optim", "predict")
    to your NAMESPACE file.
Flavors: r-devel-linux-x86_64-debian-clang, r-devel-linux-x86_64-debian-gcc, r-devel-linux-x86_64-fedora-clang, r-devel-linux-x86_64-fedora-gcc, r-devel-windows-ix86+x86_64, r-patched-linux-x86_64, r-patched-solaris-x86, r-release-linux-x86_64, r-release-windows-ix86+x86_64, r-release-osx-x86_64, r-oldrel-windows-ix86+x86_64, r-oldrel-osx-x86_64