CRAN Package Check Results for Package LocFDRPois

Last updated on 2019-05-23 05:49:04 CEST.

Flavor Version Tinstall Tcheck Ttotal Status Flags
r-devel-linux-x86_64-debian-clang 1.0.0 3.76 35.12 38.88 NOTE
r-devel-linux-x86_64-debian-gcc 1.0.0 3.16 27.93 31.09 NOTE
r-devel-linux-x86_64-fedora-clang 1.0.0 47.34 NOTE
r-devel-linux-x86_64-fedora-gcc 1.0.0 44.87 NOTE
r-devel-windows-ix86+x86_64 1.0.0 11.00 47.00 58.00 NOTE
r-patched-linux-x86_64 1.0.0 3.57 34.55 38.12 NOTE
r-patched-solaris-x86 1.0.0 69.20 NOTE
r-release-linux-x86_64 1.0.0 3.76 34.85 38.61 NOTE
r-release-windows-ix86+x86_64 1.0.0 15.00 74.00 89.00 NOTE
r-release-osx-x86_64 1.0.0 NOTE
r-oldrel-windows-ix86+x86_64 1.0.0 5.00 48.00 53.00 NOTE
r-oldrel-osx-x86_64 1.0.0 NOTE

Check Details

Version: 1.0.0
Check: R code for possible problems
Result: NOTE
    AnalyticalOptim: no visible global function definition for 'optim'
    LLConstructor : LL: no visible global function definition for 'dpois'
    MixtureDensity: no visible global function definition for 'glm'
    MixtureDensity : f_hat: no visible global function definition for
     'predict'
    NullDensity : f0: no visible global function definition for 'dpois'
    Undefined global functions or variables:
     dpois glm optim predict
    Consider adding
     importFrom("stats", "dpois", "glm", "optim", "predict")
    to your NAMESPACE file.
Flavors: r-devel-linux-x86_64-debian-clang, r-devel-linux-x86_64-debian-gcc, r-devel-linux-x86_64-fedora-clang, r-devel-linux-x86_64-fedora-gcc, r-devel-windows-ix86+x86_64, r-patched-linux-x86_64, r-patched-solaris-x86, r-release-linux-x86_64, r-release-windows-ix86+x86_64, r-release-osx-x86_64, r-oldrel-windows-ix86+x86_64, r-oldrel-osx-x86_64