CRAN Package Check Results for Package LongituRF

Last updated on 2024-06-18 05:57:40 CEST.

Flavor Version Tinstall Tcheck Ttotal Status Flags
r-devel-linux-x86_64-debian-clang 0.9 8.20 56.17 64.37 NOTE
r-devel-linux-x86_64-debian-gcc 0.9 5.65 41.31 46.96 NOTE
r-devel-linux-x86_64-fedora-clang 0.9 77.18 NOTE
r-devel-linux-x86_64-fedora-gcc 0.9 73.12 NOTE
r-devel-windows-x86_64 0.9 7.00 63.00 70.00 NOTE
r-patched-linux-x86_64 0.9 7.18 52.17 59.35 NOTE
r-release-linux-x86_64 0.9 7.07 52.03 59.10 NOTE
r-release-macos-arm64 0.9 24.00 NOTE
r-release-macos-x86_64 0.9 35.00 NOTE
r-release-windows-x86_64 0.9 6.00 65.00 71.00 NOTE
r-oldrel-macos-arm64 0.9 27.00 NOTE
r-oldrel-macos-x86_64 0.9 39.00 NOTE
r-oldrel-windows-x86_64 0.9 8.00 67.00 75.00 NOTE

Check Details

Version: 0.9
Check: LazyData
Result: NOTE 'LazyData' is specified without a 'data' directory Flavors: r-devel-linux-x86_64-debian-clang, r-devel-linux-x86_64-debian-gcc, r-devel-linux-x86_64-fedora-clang, r-devel-linux-x86_64-fedora-gcc, r-devel-windows-x86_64, r-patched-linux-x86_64, r-release-linux-x86_64, r-release-macos-arm64, r-release-macos-x86_64, r-release-windows-x86_64, r-oldrel-macos-arm64, r-oldrel-macos-x86_64, r-oldrel-windows-x86_64