CRAN Package Check Results for Package LongituRF

Last updated on 2022-01-22 05:10:21 CET.

Flavor Version Tinstall Tcheck Ttotal Status Flags
r-devel-linux-x86_64-debian-clang 0.9 4.74 50.39 55.13 NOTE
r-devel-linux-x86_64-debian-gcc 0.9 4.57 38.88 43.45 NOTE
r-devel-linux-x86_64-fedora-clang 0.9 69.28 NOTE
r-devel-linux-x86_64-fedora-gcc 0.9 58.89 NOTE
r-devel-windows-x86_64-new-UL 0.9 39.00 69.00 108.00 NOTE
r-devel-windows-x86_64-new-TK 0.9 NOTE
r-patched-linux-x86_64 0.9 5.29 49.82 55.11 NOTE
r-release-linux-x86_64 0.9 4.13 49.91 54.04 NOTE
r-release-macos-arm64 0.9 NOTE
r-release-macos-x86_64 0.9 NOTE
r-release-windows-ix86+x86_64 0.9 11.00 69.00 80.00 NOTE
r-oldrel-macos-x86_64 0.9 OK
r-oldrel-windows-ix86+x86_64 0.9 10.00 59.00 69.00 OK

Check Details

Version: 0.9
Check: LazyData
Result: NOTE
     'LazyData' is specified without a 'data' directory
Flavors: r-devel-linux-x86_64-debian-clang, r-devel-linux-x86_64-debian-gcc, r-devel-linux-x86_64-fedora-clang, r-devel-linux-x86_64-fedora-gcc, r-devel-windows-x86_64-new-UL, r-devel-windows-x86_64-new-TK, r-patched-linux-x86_64, r-release-linux-x86_64, r-release-macos-arm64, r-release-macos-x86_64, r-release-windows-ix86+x86_64