Last updated on 2022-08-12 05:52:51 CEST.
Flavor | Version | Tinstall | Tcheck | Ttotal | Status | Flags |
---|---|---|---|---|---|---|
r-devel-linux-x86_64-debian-clang | 2.6.2 | 231.69 | 180.97 | 412.66 | OK | |
r-devel-linux-x86_64-debian-gcc | 2.6.2 | 185.86 | 132.07 | 317.93 | OK | |
r-devel-linux-x86_64-fedora-clang | 2.6.2 | 591.59 | OK | |||
r-devel-linux-x86_64-fedora-gcc | 2.6.2 | 551.07 | OK | |||
r-devel-windows-x86_64 | 2.6.2 | 308.00 | 209.00 | 517.00 | NOTE | |
r-patched-linux-x86_64 | 2.6.2 | 195.87 | 170.33 | 366.20 | OK | |
r-release-linux-x86_64 | 2.6.2 | 201.63 | 167.35 | 368.98 | OK | |
r-release-macos-arm64 | 2.6.2 | 122.00 | NOTE | |||
r-release-macos-x86_64 | 2.6.2 | 204.00 | NOTE | |||
r-release-windows-x86_64 | 2.6.2 | 314.00 | 216.00 | 530.00 | NOTE | |
r-oldrel-macos-arm64 | 2.6.2 | 125.00 | NOTE | |||
r-oldrel-macos-x86_64 | 2.6.2 | 152.00 | NOTE | |||
r-oldrel-windows-ix86+x86_64 | 2.6.2 | 554.00 | 260.00 | 814.00 | NOTE |
Version: 2.6.2
Check: installed package size
Result: NOTE
installed size is 5.4Mb
sub-directories of 1Mb or more:
R 1.5Mb
data 2.3Mb
libs 1.3Mb
Flavors: r-devel-windows-x86_64, r-release-macos-arm64, r-release-macos-x86_64, r-release-windows-x86_64, r-oldrel-macos-arm64, r-oldrel-macos-x86_64, r-oldrel-windows-ix86+x86_64