CRAN Package Check Results for Package MASSExtra

Last updated on 2024-06-13 06:58:08 CEST.

Flavor Version Tinstall Tcheck Ttotal Status Flags
r-devel-linux-x86_64-debian-clang 1.2.2 4.51 64.87 69.38 NOTE
r-devel-linux-x86_64-debian-gcc 1.2.2 3.27 31.47 34.74 ERROR
r-devel-linux-x86_64-fedora-clang 1.2.2 88.44 NOTE
r-devel-linux-x86_64-fedora-gcc 1.2.2 97.29 NOTE
r-devel-windows-x86_64 1.2.2 4.00 75.00 79.00 NOTE
r-patched-linux-x86_64 1.2.2 4.98 63.80 68.78 NOTE
r-release-linux-x86_64 1.2.2 4.77 63.07 67.84 NOTE
r-release-macos-arm64 1.2.2 32.00 NOTE
r-release-macos-x86_64 1.2.2 53.00 NOTE
r-release-windows-x86_64 1.2.2 5.00 76.00 81.00 NOTE
r-oldrel-macos-arm64 1.2.2 33.00 OK
r-oldrel-macos-x86_64 1.2.2 53.00 OK
r-oldrel-windows-x86_64 1.2.2 6.00 83.00 89.00 OK

Check Details

Version: 1.2.2
Check: Rd files
Result: NOTE checkRd: (-1) hr_levels.Rd:9-12: Lost braces 9 | kernelBiweight <- function(x, mean = 0, sd = 1) { | ^ checkRd: (-1) hr_levels.Rd:33-36: Lost braces 33 | kernelCosine <- function(x, mean = 0, sd = 1) { | ^ checkRd: (-1) hr_levels.Rd:41-44: Lost braces 41 | kernelEpanechnikov <- function(x, mean = 0, sd = 1) { | ^ checkRd: (-1) hr_levels.Rd:58-61: Lost braces 58 | kernelOptCosine <- function(x, mean = 0, sd = 1) { | ^ checkRd: (-1) hr_levels.Rd:65-68: Lost braces 65 | kernelRectangular <- function(x, mean = 0, sd = 1) { | ^ checkRd: (-1) hr_levels.Rd:72-75: Lost braces 72 | kernelSquaredCosine <- function(x, mean = 0, sd = 1) { | ^ checkRd: (-1) hr_levels.Rd:79-82: Lost braces 79 | kernelTriangular <- function(x, mean = 0, sd = 1) { | ^ checkRd: (-1) hr_levels.Rd:86-89: Lost braces 86 | kernelTricube <- function(x, mean = 0, sd = 1) { | ^ checkRd: (-1) hr_levels.Rd:93-96: Lost braces 93 | kernelTriweight <- function(x, mean = 0, sd = 1) { | ^ checkRd: (-1) hr_levels.Rd:100-103: Lost braces 100 | kernelUniform <- function(x, mean = 0, sd = 1) { | ^ Flavors: r-devel-linux-x86_64-debian-clang, r-devel-linux-x86_64-debian-gcc, r-devel-linux-x86_64-fedora-clang, r-devel-linux-x86_64-fedora-gcc, r-devel-windows-x86_64, r-patched-linux-x86_64, r-release-linux-x86_64, r-release-macos-arm64, r-release-macos-x86_64, r-release-windows-x86_64

Version: 1.2.2
Check: package dependencies
Result: NOTE Packages suggested but not available for checking: 'patchwork', 'dplyr', 'ggplot2' Flavor: r-devel-linux-x86_64-debian-gcc

Version: 1.2.2
Check: re-building of vignette outputs
Result: ERROR Error(s) in re-building vignettes: ... --- re-building ‘rationale.Rmd’ using rmarkdown Quitting from lines 19-32 [presetup] (rationale.Rmd) Error: processing vignette 'rationale.Rmd' failed with diagnostics: there is no package called 'ggplot2' --- failed re-building ‘rationale.Rmd’ SUMMARY: processing the following file failed: ‘rationale.Rmd’ Error: Vignette re-building failed. Execution halted Flavor: r-devel-linux-x86_64-debian-gcc