CRAN Package Check Results for Package MB

Last updated on 2024-06-24 06:49:15 CEST.

Flavor Version Tinstall Tcheck Ttotal Status Flags
r-devel-linux-x86_64-debian-clang 0.1.1 2.71 26.08 28.79 OK
r-devel-linux-x86_64-debian-gcc 0.1.1 1.96 19.74 21.70 OK
r-devel-linux-x86_64-fedora-clang 0.1.1 37.11 NOTE
r-devel-linux-x86_64-fedora-gcc 0.1.1 46.30 NOTE
r-devel-windows-x86_64 0.1.1 3.00 40.00 43.00 OK
r-patched-linux-x86_64 0.1.1 1.85 24.55 26.40 OK
r-release-linux-x86_64 0.1.1 2.45 25.77 28.22 OK
r-release-macos-arm64 0.1.1 20.00 OK
r-release-macos-x86_64 0.1.1 47.00 OK
r-release-windows-x86_64 0.1.1 3.00 42.00 45.00 OK
r-oldrel-macos-arm64 0.1.1 22.00 OK
r-oldrel-macos-x86_64 0.1.1 29.00 OK
r-oldrel-windows-x86_64 0.1.1 4.00 42.00 46.00 OK

Check Details

Version: 0.1.1
Check: dependencies in R code
Result: NOTE Namespace in Imports field not imported from: ‘tibble’ All declared Imports should be used. Flavors: r-devel-linux-x86_64-fedora-clang, r-devel-linux-x86_64-fedora-gcc