CRAN Package Check Results for Package MCI2

Last updated on 2019-05-23 05:49:05 CEST.

Flavor Version Tinstall Tcheck Ttotal Status Flags
r-devel-linux-x86_64-debian-clang 1.1.1 9.97 90.56 100.53 OK
r-devel-linux-x86_64-debian-gcc 1.1.1 8.92 71.91 80.83 OK
r-devel-linux-x86_64-fedora-clang 1.1.1 122.01 NOTE
r-devel-linux-x86_64-fedora-gcc 1.1.1 119.69 NOTE
r-devel-windows-ix86+x86_64 1.1.1 21.00 149.00 170.00 OK
r-patched-linux-x86_64 1.1.1 10.20 90.91 101.11 OK
r-patched-solaris-x86 1.1.1 195.80 NOTE
r-release-linux-x86_64 1.1.1 10.16 90.72 100.88 OK
r-release-windows-ix86+x86_64 1.1.1 34.00 108.00 142.00 OK
r-release-osx-x86_64 1.1.1 NOTE
r-oldrel-windows-ix86+x86_64 1.1.1 11.00 95.00 106.00 OK
r-oldrel-osx-x86_64 1.1.1 NOTE

Check Details

Version: 1.1.1
Check: data for non-ASCII characters
Result: NOTE
     Note: found 28 marked UTF-8 strings
Flavors: r-devel-linux-x86_64-fedora-clang, r-devel-linux-x86_64-fedora-gcc, r-patched-solaris-x86, r-release-osx-x86_64, r-oldrel-osx-x86_64