CRAN Package Check Results for Package MCI2

Last updated on 2019-08-18 05:46:18 CEST.

Flavor Version Tinstall Tcheck Ttotal Status Flags
r-devel-linux-x86_64-debian-clang 1.1.2 10.55 89.97 100.52 OK
r-devel-linux-x86_64-debian-gcc 1.1.2 9.24 71.35 80.59 OK
r-devel-linux-x86_64-fedora-clang 1.1.2 124.30 NOTE
r-devel-linux-x86_64-fedora-gcc 1.1.2 119.56 NOTE
r-devel-windows-ix86+x86_64 1.1.2 30.00 139.00 169.00 OK
r-patched-linux-x86_64 1.1.2 9.80 88.88 98.68 OK
r-patched-solaris-x86 1.1.2 189.70 NOTE
r-release-linux-x86_64 1.1.2 10.25 88.05 98.30 OK
r-release-windows-ix86+x86_64 1.1.2 32.00 145.00 177.00 OK
r-release-osx-x86_64 1.1.2 NOTE
r-oldrel-windows-ix86+x86_64 1.1.2 18.00 129.00 147.00 OK
r-oldrel-osx-x86_64 1.1.2 NOTE

Check Details

Version: 1.1.2
Check: data for non-ASCII characters
Result: NOTE
     Note: found 28 marked UTF-8 strings
Flavors: r-devel-linux-x86_64-fedora-clang, r-devel-linux-x86_64-fedora-gcc, r-patched-solaris-x86, r-release-osx-x86_64, r-oldrel-osx-x86_64