CRAN Package Check Results for Package MCMCpack

Last updated on 2022-10-07 05:52:00 CEST.

Flavor Version Tinstall Tcheck Ttotal Status Flags
r-devel-linux-x86_64-debian-clang 1.6-3 599.38 153.24 752.62 OK
r-devel-linux-x86_64-debian-gcc 1.6-3 353.80 114.58 468.38 NOTE
r-devel-linux-x86_64-fedora-clang 1.6-3 1321.41 NOTE
r-devel-linux-x86_64-fedora-gcc 1.6-3 776.21 OK
r-devel-windows-x86_64 1.6-3 305.00 223.00 528.00 OK
r-patched-linux-x86_64 1.6-3 368.30 137.99 506.29 OK
r-release-linux-x86_64 1.6-3 361.08 136.58 497.66 OK
r-release-macos-arm64 1.6-3 267.00 NOTE
r-release-macos-x86_64 1.6-3 282.00 NOTE
r-release-windows-x86_64 1.6-3 291.00 206.00 497.00 OK
r-oldrel-macos-arm64 1.6-3 211.00 NOTE
r-oldrel-macos-x86_64 1.6-3 287.00 NOTE
r-oldrel-windows-ix86+x86_64 1.6-3 842.00 231.00 1073.00 NOTE

Check Details

Version: 1.6-3
Check: compilation flags used
Result: NOTE
    Compilation used the following non-portable flag(s):
     ‘-Wstrict-prototypes’
Flavor: r-devel-linux-x86_64-debian-gcc

Version: 1.6-3
Check: installed package size
Result: NOTE
     installed size is 7.5Mb
     sub-directories of 1Mb or more:
     libs 6.4Mb
Flavors: r-devel-linux-x86_64-fedora-clang, r-release-macos-arm64, r-release-macos-x86_64, r-oldrel-macos-arm64, r-oldrel-macos-x86_64, r-oldrel-windows-ix86+x86_64