CRAN Package Check Results for Package MCPModPack

Last updated on 2020-11-28 05:51:11 CET.

Flavor Version Tinstall Tcheck Ttotal Status Flags
r-devel-linux-x86_64-debian-clang 0.3 55.86 64.35 120.21 OK
r-devel-linux-x86_64-debian-gcc 0.3 63.94 49.94 113.88 OK
r-devel-linux-x86_64-fedora-clang 0.3 147.52 NOTE
r-devel-linux-x86_64-fedora-gcc 0.3 137.75 OK
r-devel-windows-ix86+x86_64 0.3 100.00 113.00 213.00 OK
r-patched-linux-x86_64 0.3 81.04 62.89 143.93 OK
r-patched-solaris-x86 0.3 148.80 OK
r-release-linux-x86_64 0.3 76.95 64.61 141.56 OK
r-release-macos-x86_64 0.3 NOTE
r-release-windows-ix86+x86_64 0.3 75.00 106.00 181.00 OK
r-oldrel-macos-x86_64 0.3 NOTE
r-oldrel-windows-ix86+x86_64 0.3 85.00 106.00 191.00 OK

Check Details

Version: 0.3
Check: installed package size
Result: NOTE
     installed size is 5.8Mb
     sub-directories of 1Mb or more:
     libs 5.3Mb
Flavors: r-devel-linux-x86_64-fedora-clang, r-release-macos-x86_64, r-oldrel-macos-x86_64