CRAN Package Check Results for Package MEGENA

Last updated on 2019-08-22 05:47:04 CEST.

Flavor Version Tinstall Tcheck Ttotal Status Flags
r-devel-linux-x86_64-debian-clang 1.3.7 32.84 152.25 185.09 NOTE
r-devel-linux-x86_64-debian-gcc 1.3.7 29.75 117.99 147.74 NOTE
r-devel-linux-x86_64-fedora-clang 1.3.7 235.22 NOTE
r-devel-linux-x86_64-fedora-gcc 1.3.7 237.03 NOTE
r-devel-windows-ix86+x86_64 1.3.7 94.00 333.00 427.00 OK
r-patched-linux-x86_64 1.3.7 33.78 147.08 180.86 OK
r-patched-solaris-x86 1.3.7 439.20 OK
r-release-linux-x86_64 1.3.7 35.77 145.04 180.81 OK
r-release-windows-ix86+x86_64 1.3.7 102.00 307.00 409.00 OK
r-release-osx-x86_64 1.3.7 OK
r-oldrel-windows-ix86+x86_64 1.3.7 79.00 333.00 412.00 OK
r-oldrel-osx-x86_64 1.3.7 OK

Check Details

Version: 1.3.7
Check: for non-standard things in the check directory
Result: NOTE
    Found the following files/directories:
     'Data_Correlation.txt' 'correlation_FDR_table.txt'
Flavors: r-devel-linux-x86_64-debian-clang, r-devel-linux-x86_64-debian-gcc, r-devel-linux-x86_64-fedora-clang, r-devel-linux-x86_64-fedora-gcc