CRAN Package Check Results for Package MEGENA

Last updated on 2019-12-14 05:47:34 CET.

Flavor Version Tinstall Tcheck Ttotal Status Flags
r-devel-linux-x86_64-debian-clang 1.3.7 42.25 170.85 213.10 NOTE
r-devel-linux-x86_64-debian-gcc 1.3.7 29.51 132.50 162.01 NOTE
r-devel-linux-x86_64-fedora-clang 1.3.7 253.61 NOTE
r-devel-linux-x86_64-fedora-gcc 1.3.7 251.69 NOTE
r-devel-windows-ix86+x86_64 1.3.7 75.00 246.00 321.00 OK
r-devel-windows-ix86+x86_64-gcc8 1.3.7 95.00 381.00 476.00 OK
r-patched-linux-x86_64 1.3.7 33.77 150.26 184.03 OK
r-patched-solaris-x86 1.3.7 469.30 OK
r-release-linux-x86_64 1.3.7 34.31 150.99 185.30 OK
r-release-windows-ix86+x86_64 1.3.7 71.00 237.00 308.00 OK
r-release-osx-x86_64 1.3.7 OK
r-oldrel-windows-ix86+x86_64 1.3.7 57.00 244.00 301.00 OK
r-oldrel-osx-x86_64 1.3.7 OK

Check Details

Version: 1.3.7
Check: for non-standard things in the check directory
Result: NOTE
    Found the following files/directories:
     'Data_Correlation.txt' 'correlation_FDR_table.txt'
Flavors: r-devel-linux-x86_64-debian-clang, r-devel-linux-x86_64-debian-gcc, r-devel-linux-x86_64-fedora-clang, r-devel-linux-x86_64-fedora-gcc