CRAN Package Check Results for Package MLID

Last updated on 2021-03-02 05:47:46 CET.

Flavor Version Tinstall Tcheck Ttotal Status Flags
r-devel-linux-x86_64-debian-clang 1.0.1 OK
r-devel-linux-x86_64-debian-gcc 1.0.1 6.32 69.13 75.45 OK
r-devel-linux-x86_64-fedora-clang 1.0.1 126.21 NOTE
r-devel-linux-x86_64-fedora-gcc 1.0.1 122.03 NOTE
r-devel-windows-ix86+x86_64 1.0.1 10.00 91.00 101.00 OK
r-patched-linux-x86_64 1.0.1 7.28 86.71 93.99 OK
r-patched-solaris-x86 1.0.1 186.40 NOTE
r-release-linux-x86_64 1.0.1 6.83 88.83 95.66 OK
r-release-macos-x86_64 1.0.1 NOTE
r-release-windows-ix86+x86_64 1.0.1 15.00 121.00 136.00 OK
r-oldrel-macos-x86_64 1.0.1 NOTE
r-oldrel-windows-ix86+x86_64 1.0.1 9.00 118.00 127.00 OK

Check Details

Version: 1.0.1
Check: dependencies in R code
Result: NOTE
    Namespace in Imports field not imported from: ‘nlme’
     All declared Imports should be used.
Flavors: r-devel-linux-x86_64-fedora-clang, r-devel-linux-x86_64-fedora-gcc, r-patched-solaris-x86, r-release-macos-x86_64, r-oldrel-macos-x86_64