CRAN Package Check Results for Package MLmetrics

Last updated on 2022-05-27 05:53:01 CEST.

Flavor Version Tinstall Tcheck Ttotal Status Flags
r-devel-linux-x86_64-debian-clang 1.1.1 2.00 34.46 36.46 NOTE
r-devel-linux-x86_64-debian-gcc 1.1.1 1.82 26.81 28.63 NOTE
r-devel-linux-x86_64-fedora-clang 1.1.1 44.62 NOTE
r-devel-linux-x86_64-fedora-gcc 1.1.1 43.75 NOTE
r-devel-windows-x86_64 1.1.1 37.00 55.00 92.00 NOTE
r-patched-linux-x86_64 1.1.1 3.23 33.43 36.66 NOTE
r-release-linux-x86_64 1.1.1 2.35 33.46 35.81 NOTE
r-release-macos-arm64 1.1.1 15.00 NOTE
r-release-macos-x86_64 1.1.1 24.00 NOTE
r-release-windows-x86_64 1.1.1 34.00 53.00 87.00 NOTE
r-oldrel-macos-arm64 1.1.1 20.00 NOTE
r-oldrel-macos-x86_64 1.1.1 29.00 NOTE
r-oldrel-windows-ix86+x86_64 1.1.1 5.00 45.00 50.00 NOTE

Check Details

Version: 1.1.1
Check: LazyData
Result: NOTE
     'LazyData' is specified without a 'data' directory
Flavors: r-devel-linux-x86_64-debian-clang, r-devel-linux-x86_64-debian-gcc, r-devel-linux-x86_64-fedora-clang, r-devel-linux-x86_64-fedora-gcc, r-devel-windows-x86_64, r-patched-linux-x86_64, r-release-linux-x86_64, r-release-macos-arm64, r-release-macos-x86_64, r-release-windows-x86_64, r-oldrel-macos-arm64, r-oldrel-macos-x86_64, r-oldrel-windows-ix86+x86_64

Version: 1.1.1
Check: dependencies in R code
Result: NOTE
    Namespace in Imports field not imported from: ‘utils’
     All declared Imports should be used.
Flavors: r-devel-linux-x86_64-fedora-clang, r-devel-linux-x86_64-fedora-gcc, r-release-macos-arm64, r-release-macos-x86_64, r-oldrel-macos-arm64, r-oldrel-macos-x86_64