CRAN Package Check Results for Package MOTE

Last updated on 2024-06-13 06:58:09 CEST.

Flavor Version Tinstall Tcheck Ttotal Status Flags
r-devel-linux-x86_64-debian-clang 1.0.2 14.08 119.24 133.32 OK
r-devel-linux-x86_64-debian-gcc 1.0.2 0.38 1.74 2.12 ERROR
r-devel-linux-x86_64-fedora-clang 1.0.2 163.33 OK
r-devel-linux-x86_64-fedora-gcc 1.0.2 155.77 OK
r-devel-windows-x86_64 1.0.2 14.00 105.00 119.00 OK
r-patched-linux-x86_64 1.0.2 10.91 110.64 121.55 OK
r-release-linux-x86_64 1.0.2 15.18 112.76 127.94 OK
r-release-macos-arm64 1.0.2 47.00 OK
r-release-macos-x86_64 1.0.2 65.00 OK
r-release-windows-x86_64 1.0.2 15.00 105.00 120.00 OK
r-oldrel-macos-arm64 1.0.2 49.00 OK
r-oldrel-macos-x86_64 1.0.2 68.00 OK
r-oldrel-windows-x86_64 1.0.2 17.00 135.00 152.00 OK

Check Details

Version: 1.0.2
Check: package dependencies
Result: ERROR Packages required but not available: 'MBESS', 'ez' See section ‘The DESCRIPTION file’ in the ‘Writing R Extensions’ manual. Flavor: r-devel-linux-x86_64-debian-gcc