CRAN Package Check Results for Package MPTinR

Last updated on 2019-08-25 05:46:52 CEST.

Flavor Version Tinstall Tcheck Ttotal Status Flags
r-devel-linux-x86_64-debian-clang 1.11.0 49.05 170.58 219.63 OK
r-devel-linux-x86_64-debian-gcc 1.11.0 40.49 137.03 177.52 OK
r-devel-linux-x86_64-fedora-clang 1.11.0 274.70 NOTE
r-devel-linux-x86_64-fedora-gcc 1.11.0 272.06 OK
r-devel-windows-ix86+x86_64 1.11.0 89.00 230.00 319.00 OK
r-patched-linux-x86_64 1.11.0 48.01 168.90 216.91 OK
r-patched-solaris-x86 1.11.0 311.10 OK
r-release-linux-x86_64 1.11.0 46.67 170.39 217.06 OK
r-release-windows-ix86+x86_64 1.11.0 112.00 262.00 374.00 OK
r-release-osx-x86_64 1.11.0 NOTE
r-oldrel-windows-ix86+x86_64 1.11.0 106.00 267.00 373.00 OK
r-oldrel-osx-x86_64 1.11.0 NOTE

Check Details

Version: 1.11.0
Check: installed package size
Result: NOTE
     installed size is 10.0Mb
     sub-directories of 1Mb or more:
     libs 9.0Mb
Flavors: r-devel-linux-x86_64-fedora-clang, r-release-osx-x86_64, r-oldrel-osx-x86_64