CRAN Package Check Results for Package MPTinR

Last updated on 2020-01-17 05:47:17 CET.

Flavor Version Tinstall Tcheck Ttotal Status Flags
r-devel-linux-x86_64-debian-clang 1.12.0 51.36 180.92 232.28 OK
r-devel-linux-x86_64-debian-gcc 1.12.0 40.31 138.14 178.45 OK
r-devel-linux-x86_64-fedora-clang 1.12.0 288.78 NOTE
r-devel-linux-x86_64-fedora-gcc 1.12.0 294.91 OK
r-devel-windows-ix86+x86_64 1.12.0 124.00 273.00 397.00 OK
r-devel-windows-ix86+x86_64-gcc8 1.12.0 96.00 215.00 311.00 OK
r-patched-linux-x86_64 1.12.0 47.66 163.25 210.91 OK
r-patched-solaris-x86 1.12.0 294.90 OK
r-release-linux-x86_64 1.12.0 48.33 162.07 210.40 OK
r-release-windows-ix86+x86_64 1.12.0 117.00 191.00 308.00 OK
r-release-osx-x86_64 1.12.0 NOTE
r-oldrel-windows-ix86+x86_64 1.12.0 112.00 188.00 300.00 OK
r-oldrel-osx-x86_64 1.12.0 NOTE

Check Details

Version: 1.12.0
Check: installed package size
Result: NOTE
     installed size is 10.2Mb
     sub-directories of 1Mb or more:
     libs 9.0Mb
Flavors: r-devel-linux-x86_64-fedora-clang, r-release-osx-x86_64, r-oldrel-osx-x86_64