CRAN Package Check Results for Package MPTmultiverse

Last updated on 2022-01-28 05:49:03 CET.

Flavor Version Tinstall Tcheck Ttotal Status Flags
r-devel-linux-x86_64-debian-clang 0.4-2 6.75 83.98 90.73 NOTE
r-devel-linux-x86_64-debian-gcc 0.4-2 5.08 70.16 75.24 NOTE
r-devel-linux-x86_64-fedora-clang 0.4-2 109.45 NOTE
r-devel-linux-x86_64-fedora-gcc 0.4-2 95.94 NOTE
r-devel-windows-x86_64-new-UL 0.4-2 107.00 153.00 260.00 NOTE
r-devel-windows-x86_64-new-TK 0.4-2 NOTE
r-patched-linux-x86_64 0.4-2 6.60 78.39 84.99 NOTE
r-release-linux-x86_64 0.4-2 7.15 78.09 85.24 NOTE
r-release-macos-arm64 0.4-2 NOTE
r-release-macos-x86_64 0.4-2 NOTE
r-release-windows-ix86+x86_64 0.4-2 14.00 123.00 137.00 NOTE
r-oldrel-macos-x86_64 0.4-2 OK
r-oldrel-windows-ix86+x86_64 0.4-2 14.00 130.00 144.00 OK

Check Details

Version: 0.4-2
Check: LazyData
Result: NOTE
     'LazyData' is specified without a 'data' directory
Flavors: r-devel-linux-x86_64-debian-clang, r-devel-linux-x86_64-debian-gcc, r-devel-linux-x86_64-fedora-clang, r-devel-linux-x86_64-fedora-gcc, r-devel-windows-x86_64-new-UL, r-devel-windows-x86_64-new-TK, r-patched-linux-x86_64, r-release-linux-x86_64, r-release-macos-arm64, r-release-macos-x86_64, r-release-windows-ix86+x86_64