CRAN Package Check Results for Package MachineLearning

Last updated on 2019-03-24 05:46:58 CET.

Flavor Version Tinstall Tcheck Ttotal Status Flags
r-devel-linux-x86_64-debian-clang 0.1.3 10.49 143.00 153.49 WARN
r-devel-linux-x86_64-debian-gcc 0.1.3 8.83 99.00 107.83 OK
r-devel-linux-x86_64-fedora-clang 0.1.3 190.34 OK
r-devel-linux-x86_64-fedora-gcc 0.1.3 160.49 OK
r-devel-windows-ix86+x86_64 0.1.3 29.00 195.00 224.00 OK
r-patched-linux-x86_64 0.1.3 6.91 120.10 127.01 ERROR
r-patched-solaris-x86 0.1.3 278.20 OK
r-release-linux-x86_64 0.1.3 0.31 2.04 2.35 ERROR
r-release-windows-ix86+x86_64 0.1.3 13.00 146.00 159.00 OK
r-release-osx-x86_64 0.1.3 OK
r-oldrel-windows-ix86+x86_64 0.1.3 12.00 164.00 176.00 OK
r-oldrel-osx-x86_64 0.1.3 OK

Check Details

Version: 0.1.3
Check: whether package can be installed
Result: WARN
    Found the following significant warnings:
     Warning: unable to re-encode 'Clustering.R' line 18
Flavor: r-devel-linux-x86_64-debian-clang

Version: 0.1.3
Check: tests
Result: ERROR
     Running ‘spelling.R’ [0s/0s]
     Running ‘testthat.R’ [46s/51s]
    Running the tests in ‘tests/testthat.R’ failed.
    Complete output:
     > library(testthat)
     > library(MachineLearning)
     >
     > test_check("MachineLearning")
     Apriori
    
     Parameter specification:
     confidence minval smax arem aval originalSupport maxtime support minlen
     0.1 0.1 1 none FALSE TRUE 5 0.2 2
     maxlen target ext
     10 rules FALSE
    
     Algorithmic control:
     filter tree heap memopt load sort verbose
     0.1 TRUE TRUE FALSE TRUE 2 TRUE
    
     Absolute minimum support count: 3054
    
     set item appearances ...[0 item(s)] done [0.00s].
     set transactions ...[24 item(s), 15270 transaction(s)] done [0.01s].
     sorting and recoding items ... [4 item(s)] done [0.00s].
     creating transaction tree ... done [0.00s].
     checking subsets of size 1 2 3 done [0.00s].
     writing ... [11 rule(s)] done [0.00s].
     creating S4 object ... done [0.00s].
     6 successful models have been tested
    
     n= 10689
    
     node), split, n, loss, yval, (yprob)
     * denotes terminal node
    
     1) root 10689 1727 [17,1.67e+03) (0.838432033 0.155580503 0.005987464)
     2) pais=Germany,Belgium,France,Ireland,Italy,Netherlands,Portugal,UK,Switzerland,Rusia,Nordic countries,Rest of Europe 9080 716 [17,1.67e+03) (0.921145374 0.076762115 0.002092511) *
     3) pais=USA,Rest of America,Rest of world 1609 643 [1.67e+03,5.51e+03) (0.371659416 0.600372902 0.027967682) *
     6 successful models have been tested
    
     n= 10689
    
     node), split, n, loss, yval, (yprob)
     * denotes terminal node
    
     1) root 10689 1727 [17,1.67e+03) (0.838432033 0.155580503 0.005987464)
     2) pais=Germany,Belgium,France,Ireland,Italy,Netherlands,Portugal,UK,Switzerland,Rusia,Nordic countries,Rest of Europe 9080 716 [17,1.67e+03) (0.921145374 0.076762115 0.002092511) *
     3) pais=USA,Rest of America,Rest of world 1609 643 [1.67e+03,5.51e+03) (0.371659416 0.600372902 0.027967682) *
     ── 1. Error: Test CART with EGATUR dataset. (@test-CART.R#14) ─────────────────
     incorrect number of dimensions
     1: CART(GastoTotalD ~ pais + aloja, data = EGATUR, nodes_min = 5) at testthat/test-CART.R:14
     2: order(SummaryTrees[, 2], SummaryTrees[, 4], SummaryTrees[, 7], decreasing = TRUE)
    
     attributes importance
     1 pais 0.049161047
     2 aloja 0.008279454
     3 motivo 0.004326729
     attributes importance
     1 pais 0.049161047
     2 aloja 0.008279454
     3 motivo 0.004326729
     attributes importance
     1 pais 0.049161047
     2 aloja 0.008279454
     3 motivo 0.004326729
     attributes importance
     1 pais 0.049161047
     2 aloja 0.008279454
     3 motivo 0.004326729
     ══ testthat results ═══════════════════════════════════════════════════════════
     OK: 32 SKIPPED: 0 FAILED: 1
     1. Error: Test CART with EGATUR dataset. (@test-CART.R#14)
    
     Error: testthat unit tests failed
     Execution halted
Flavor: r-patched-linux-x86_64

Version: 0.1.3
Check: whether package can be installed
Result: ERROR
    Installation failed.
Flavor: r-release-linux-x86_64