CRAN Package Check Results for Package MarginalMediation

Last updated on 2019-08-19 05:46:27 CEST.

Flavor Version Tinstall Tcheck Ttotal Status Flags
r-devel-linux-x86_64-debian-clang 0.7.0 4.64 86.80 91.44 OK
r-devel-linux-x86_64-debian-gcc 0.7.0 4.12 63.82 67.94 OK
r-devel-linux-x86_64-fedora-clang 0.7.0 106.04 NOTE
r-devel-linux-x86_64-fedora-gcc 0.7.0 101.99 NOTE
r-devel-windows-ix86+x86_64 0.7.0 17.00 130.00 147.00 OK
r-patched-linux-x86_64 0.7.0 4.59 83.07 87.66 OK
r-patched-solaris-x86 0.7.0 163.80 NOTE
r-release-linux-x86_64 0.7.0 4.98 83.24 88.22 OK
r-release-windows-ix86+x86_64 0.7.0 10.00 95.00 105.00 OK
r-release-osx-x86_64 0.7.0 NOTE
r-oldrel-windows-ix86+x86_64 0.7.0 9.00 135.00 144.00 OK
r-oldrel-osx-x86_64 0.7.0 NOTE

Check Details

Version: 0.7.0
Check: dependencies in R code
Result: NOTE
    Namespace in Imports field not imported from: ‘betareg’
     All declared Imports should be used.
Flavors: r-devel-linux-x86_64-fedora-clang, r-devel-linux-x86_64-fedora-gcc, r-patched-solaris-x86, r-release-osx-x86_64, r-oldrel-osx-x86_64