CRAN Package Check Results for Package MarginalMediation

Last updated on 2019-12-09 05:47:17 CET.

Flavor Version Tinstall Tcheck Ttotal Status Flags
r-devel-linux-x86_64-debian-clang 0.7.0 4.96 95.03 99.99 OK
r-devel-linux-x86_64-debian-gcc 0.7.0 3.98 70.17 74.15 OK
r-devel-linux-x86_64-fedora-clang 0.7.0 116.52 NOTE
r-devel-linux-x86_64-fedora-gcc 0.7.0 86.57 NOTE
r-devel-windows-ix86+x86_64 0.7.0 13.00 93.00 106.00 OK
r-devel-windows-ix86+x86_64-gcc8 0.7.0 15.00 98.00 113.00 OK
r-patched-linux-x86_64 0.7.0 4.18 82.66 86.84 OK
r-patched-solaris-x86 0.7.0 154.90 NOTE
r-release-linux-x86_64 0.7.0 4.17 82.37 86.54 OK
r-release-windows-ix86+x86_64 0.7.0 10.00 96.00 106.00 OK
r-release-osx-x86_64 0.7.0 NOTE
r-oldrel-windows-ix86+x86_64 0.7.0 6.00 99.00 105.00 OK
r-oldrel-osx-x86_64 0.7.0 NOTE

Check Details

Version: 0.7.0
Check: dependencies in R code
Result: NOTE
    Namespace in Imports field not imported from: ‘betareg’
     All declared Imports should be used.
Flavors: r-devel-linux-x86_64-fedora-clang, r-devel-linux-x86_64-fedora-gcc, r-patched-solaris-x86, r-release-osx-x86_64, r-oldrel-osx-x86_64