CRAN Package Check Results for Package MetaComp

Last updated on 2022-01-24 05:51:55 CET.

Flavor Version Tinstall Tcheck Ttotal Status Flags
r-devel-linux-x86_64-debian-clang 1.1.2 7.09 80.41 87.50 NOTE
r-devel-linux-x86_64-debian-gcc 1.1.2 4.30 56.70 61.00 NOTE
r-devel-linux-x86_64-fedora-clang 1.1.2 99.74 NOTE
r-devel-linux-x86_64-fedora-gcc 1.1.2 90.53 NOTE
r-devel-windows-x86_64-new-UL 1.1.2 456.00 106.00 562.00 NOTE
r-devel-windows-x86_64-new-TK 1.1.2 NOTE
r-patched-linux-x86_64 1.1.2 5.83 70.90 76.73 NOTE
r-release-linux-x86_64 1.1.2 5.75 70.65 76.40 NOTE
r-release-macos-arm64 1.1.2 NOTE
r-release-macos-x86_64 1.1.2 NOTE
r-release-windows-ix86+x86_64 1.1.2 14.00 88.00 102.00 NOTE
r-oldrel-macos-x86_64 1.1.2 OK
r-oldrel-windows-ix86+x86_64 1.1.2 15.00 87.00 102.00 OK

Check Details

Version: 1.1.2
Check: LazyData
Result: NOTE
     'LazyData' is specified without a 'data' directory
Flavors: r-devel-linux-x86_64-debian-clang, r-devel-linux-x86_64-debian-gcc, r-devel-linux-x86_64-fedora-clang, r-devel-linux-x86_64-fedora-gcc, r-devel-windows-x86_64-new-UL, r-devel-windows-x86_64-new-TK, r-patched-linux-x86_64, r-release-linux-x86_64, r-release-macos-arm64, r-release-macos-x86_64, r-release-windows-ix86+x86_64