Last updated on 2023-10-01 06:53:13 CEST.
Flavor | Version | Tinstall | Tcheck | Ttotal | Status | Flags |
---|---|---|---|---|---|---|
r-devel-linux-x86_64-debian-clang | 1.5.1 | 485.02 | 106.95 | 591.97 | NOTE | |
r-devel-linux-x86_64-debian-gcc | 1.5.1 | 419.56 | 82.44 | 502.00 | NOTE | |
r-devel-linux-x86_64-fedora-clang | 1.5.1 | 957.21 | NOTE | |||
r-devel-linux-x86_64-fedora-gcc | 1.5.1 | 1086.36 | NOTE | |||
r-devel-windows-x86_64 | 1.5.1 | 408.00 | 196.00 | 604.00 | NOTE | |
r-patched-linux-x86_64 | 1.5.1 | 547.57 | 107.07 | 654.64 | NOTE | |
r-release-linux-x86_64 | 1.5.1 | 527.62 | 108.50 | 636.12 | NOTE | |
r-release-macos-arm64 | 1.5.1 | 250.00 | NOTE | |||
r-release-macos-x86_64 | 1.5.1 | 405.00 | NOTE | |||
r-release-windows-x86_64 | 1.5.1 | 525.00 | 204.00 | 729.00 | NOTE | |
r-oldrel-macos-arm64 | 1.5.1 | 243.00 | NOTE | |||
r-oldrel-macos-x86_64 | 1.5.1 | 374.00 | NOTE | |||
r-oldrel-windows-x86_64 | 1.5.1 | 515.00 | 188.00 | 703.00 | OK |
Version: 1.5.1
Check: C++ specification
Result: NOTE
Specified C++11: please drop specification unless essential
Flavors: r-devel-linux-x86_64-debian-clang, r-devel-linux-x86_64-debian-gcc, r-devel-linux-x86_64-fedora-clang, r-devel-linux-x86_64-fedora-gcc, r-devel-windows-x86_64, r-patched-linux-x86_64, r-release-linux-x86_64, r-release-macos-arm64, r-release-macos-x86_64, r-release-windows-x86_64
Version: 1.5.1
Check: installed package size
Result: NOTE
installed size is 27.9Mb
sub-directories of 1Mb or more:
libs 25.7Mb
Flavors: r-release-macos-arm64, r-release-macos-x86_64, r-oldrel-macos-arm64, r-oldrel-macos-x86_64