CRAN Package Check Results for Package MixSIAR

Last updated on 2022-08-11 05:54:33 CEST.

Flavor Version Tinstall Tcheck Ttotal Status Flags
r-devel-linux-x86_64-debian-clang 3.1.12 6.52 84.09 90.61 NOTE
r-devel-linux-x86_64-debian-gcc 3.1.12 6.80 62.98 69.78 NOTE
r-devel-linux-x86_64-fedora-clang 3.1.12 120.51 NOTE
r-devel-linux-x86_64-fedora-gcc 3.1.12 128.19 NOTE
r-devel-windows-x86_64 3.1.12 37.00 132.00 169.00 NOTE
r-patched-linux-x86_64 3.1.12 7.28 78.35 85.63 NOTE
r-release-linux-x86_64 3.1.12 NOTE
r-release-macos-arm64 3.1.12 51.00 NOTE
r-release-macos-x86_64 3.1.12 64.00 NOTE
r-release-windows-x86_64 3.1.12 52.00 134.00 186.00 NOTE
r-oldrel-macos-arm64 3.1.12 46.00 NOTE
r-oldrel-macos-x86_64 3.1.12 111.00 NOTE
r-oldrel-windows-ix86+x86_64 3.1.12 16.00 109.00 125.00 NOTE

Check Details

Version: 3.1.12
Check: LazyData
Result: NOTE
     'LazyData' is specified without a 'data' directory
Flavors: r-devel-linux-x86_64-debian-clang, r-devel-linux-x86_64-debian-gcc, r-devel-linux-x86_64-fedora-clang, r-devel-linux-x86_64-fedora-gcc, r-devel-windows-x86_64, r-patched-linux-x86_64, r-release-linux-x86_64, r-release-macos-arm64, r-release-macos-x86_64, r-release-windows-x86_64, r-oldrel-macos-arm64, r-oldrel-macos-x86_64, r-oldrel-windows-ix86+x86_64