Last updated on 2021-01-18 05:47:32 CET.
Flavor | Version | Tinstall | Tcheck | Ttotal | Status | Flags |
---|---|---|---|---|---|---|
r-devel-linux-x86_64-debian-clang | 1.3.3 | 10.33 | 155.48 | 165.81 | OK | |
r-devel-linux-x86_64-debian-gcc | 1.3.3 | 10.03 | 114.55 | 124.58 | OK | |
r-devel-linux-x86_64-fedora-clang | 1.3.3 | 204.73 | OK | |||
r-devel-linux-x86_64-fedora-gcc | 1.3.3 | 201.42 | OK | |||
r-devel-windows-ix86+x86_64 | 1.3.3 | 17.00 | 142.00 | 159.00 | OK | |
r-patched-linux-x86_64 | 1.3.3 | 13.89 | 148.28 | 162.17 | OK | |
r-patched-solaris-x86 | 1.3.3 | 280.30 | OK | |||
r-release-linux-x86_64 | 1.3.3 | 11.70 | 147.76 | 159.46 | OK | |
r-release-macos-x86_64 | 1.3.3 | OK | ||||
r-release-windows-ix86+x86_64 | 1.3.3 | 20.00 | 158.00 | 178.00 | OK | |
r-oldrel-macos-x86_64 | 1.3.3 | ERROR | ||||
r-oldrel-windows-ix86+x86_64 | 1.3.0 | 16.00 | 167.00 | 183.00 | OK |
Version: 1.3.3
Check: whether package can be installed
Result: ERROR
Installation failed.
Flavor: r-oldrel-macos-x86_64