CRAN Package Check Results for Package ModelMetrics

Last updated on 2020-07-15 05:48:11 CEST.

Flavor Version Tinstall Tcheck Ttotal Status Flags
r-devel-linux-x86_64-debian-clang 1.2.2.2 52.53 35.64 88.17 OK
r-devel-linux-x86_64-debian-gcc 1.2.2.2 37.46 26.34 63.80 OK
r-devel-linux-x86_64-fedora-clang 1.2.2.2 130.43 OK
r-devel-linux-x86_64-fedora-gcc 1.2.2.2 110.56 OK
r-devel-windows-ix86+x86_64 1.2.2.2 126.00 96.00 222.00 OK
r-patched-linux-x86_64 1.2.2.2 37.60 33.48 71.08 OK
r-patched-solaris-x86 1.2.2.2 111.60 OK
r-release-linux-x86_64 1.2.2.2 38.19 33.49 71.68 OK
r-release-macos-x86_64 1.2.2.2 ERROR
r-release-windows-ix86+x86_64 1.2.2.2 125.00 67.00 192.00 OK
r-oldrel-macos-x86_64 1.2.2.2 OK
r-oldrel-windows-ix86+x86_64 1.2.2.2 119.00 97.00 216.00 OK

Check Details

Version: 1.2.2.2
Check: whether package can be installed
Result: ERROR
    Installation failed.
Flavor: r-release-macos-x86_64