Last updated on 2022-05-27 05:53:02 CEST.
Flavor | Version | Tinstall | Tcheck | Ttotal | Status | Flags |
---|---|---|---|---|---|---|
r-devel-linux-x86_64-debian-clang | 0.2.0 | 101.50 | 161.24 | 262.74 | OK | |
r-devel-linux-x86_64-debian-gcc | 0.2.0 | 83.91 | 117.28 | 201.19 | OK | |
r-devel-linux-x86_64-fedora-clang | 0.2.0 | 353.53 | NOTE | |||
r-devel-linux-x86_64-fedora-gcc | 0.2.0 | 345.03 | NOTE | |||
r-devel-windows-x86_64 | 0.2.0 | 97.00 | 172.00 | 269.00 | OK | |
r-patched-linux-x86_64 | 0.2.0 | 88.84 | 163.93 | 252.77 | OK | |
r-release-linux-x86_64 | 0.2.0 | 91.54 | 168.35 | 259.89 | OK | |
r-release-macos-arm64 | 0.2.0 | 71.00 | NOTE | |||
r-release-macos-x86_64 | 0.2.0 | 96.00 | NOTE | |||
r-release-windows-x86_64 | 0.2.0 | 94.00 | 181.00 | 275.00 | OK | |
r-oldrel-macos-arm64 | 0.2.0 | 102.00 | NOTE | |||
r-oldrel-macos-x86_64 | 0.2.0 | 155.00 | NOTE | |||
r-oldrel-windows-ix86+x86_64 | 0.2.0 | 272.00 | 193.00 | 465.00 | OK |
Version: 0.2.0
Check: compiled code
Result: NOTE
File ‘MultiBD/libs/MultiBD.so’:
Found no calls to: ‘R_registerRoutines’, ‘R_useDynamicSymbols’
It is good practice to register native routines and to disable symbol
search.
See ‘Writing portable packages’ in the ‘Writing R Extensions’ manual.
Flavors: r-devel-linux-x86_64-fedora-clang, r-devel-linux-x86_64-fedora-gcc
Version: 0.2.0
Check: installed package size
Result: NOTE
installed size is 6.4Mb
sub-directories of 1Mb or more:
libs 4.8Mb
Flavors: r-release-macos-arm64, r-release-macos-x86_64, r-oldrel-macos-arm64, r-oldrel-macos-x86_64