CRAN Package Check Results for Package MultiMeta

Last updated on 2019-05-23 05:49:07 CEST.

Flavor Version Tinstall Tcheck Ttotal Status Flags
r-devel-linux-x86_64-debian-clang 0.1 8.22 69.94 78.16 NOTE
r-devel-linux-x86_64-debian-gcc 0.1 6.11 53.52 59.63 NOTE
r-devel-linux-x86_64-fedora-clang 0.1 88.80 NOTE
r-devel-linux-x86_64-fedora-gcc 0.1 86.31 NOTE
r-devel-windows-ix86+x86_64 0.1 14.00 108.00 122.00 NOTE
r-patched-linux-x86_64 0.1 8.78 66.53 75.31 NOTE
r-patched-solaris-x86 0.1 136.30 NOTE
r-release-linux-x86_64 0.1 8.48 66.51 74.99 NOTE
r-release-windows-ix86+x86_64 0.1 28.00 77.00 105.00 NOTE
r-release-osx-x86_64 0.1 NOTE
r-oldrel-windows-ix86+x86_64 0.1 9.00 67.00 76.00 NOTE
r-oldrel-osx-x86_64 0.1 NOTE

Check Details

Version: 0.1
Check: R code for possible problems
Result: NOTE
    betas_plot: no visible global function definition for 'cov2cor'
    betas_plot: no visible global function definition for
     'colorRampPalette'
    betas_plot: no visible global function definition for 'pdf'
    betas_plot: no visible global function definition for 'dev.off'
    mhplot: no visible global function definition for 'read.table'
    mhplot: no visible global function definition for 'pdf'
    mhplot: no visible global function definition for 'plot'
    mhplot: no visible global function definition for 'points'
    mhplot: no visible global function definition for 'abline'
    mhplot: no visible global function definition for 'axis'
    mhplot: no visible global function definition for 'dev.off'
    multi_meta: no visible global function definition for 'write.table'
    multi_meta: no visible global function definition for 'read.table'
    multi_meta: no visible global function definition for 'pchisq'
    qqplotter: no visible global function definition for 'read.table'
    qqplotter: no visible global function definition for 'qchisq'
    qqplotter: no visible global function definition for 'ppoints'
    qqplotter: no visible global function definition for 'median'
    qqplotter: no visible global function definition for 'pchisq'
    qqplotter: no visible global function definition for 'pdf'
    qqplotter: no visible global function definition for 'plot'
    qqplotter: no visible global function definition for 'abline'
    qqplotter: no visible global function definition for 'dev.off'
    Undefined global functions or variables:
     abline axis colorRampPalette cov2cor dev.off median pchisq pdf plot
     points ppoints qchisq read.table write.table
    Consider adding
     importFrom("grDevices", "colorRampPalette", "dev.off", "pdf")
     importFrom("graphics", "abline", "axis", "plot", "points")
     importFrom("stats", "cov2cor", "median", "pchisq", "ppoints", "qchisq")
     importFrom("utils", "read.table", "write.table")
    to your NAMESPACE file.
Flavors: r-devel-linux-x86_64-debian-clang, r-devel-linux-x86_64-debian-gcc, r-devel-linux-x86_64-fedora-clang, r-devel-linux-x86_64-fedora-gcc, r-devel-windows-ix86+x86_64, r-patched-linux-x86_64, r-patched-solaris-x86, r-release-linux-x86_64, r-release-windows-ix86+x86_64, r-release-osx-x86_64, r-oldrel-windows-ix86+x86_64, r-oldrel-osx-x86_64