CRAN Package Check Results for Package NBAloveR

Last updated on 2019-08-21 05:46:57 CEST.

Flavor Version Tinstall Tcheck Ttotal Status Flags
r-devel-linux-x86_64-debian-clang 0.1.3.3 2.65 22.46 25.11 OK
r-devel-linux-x86_64-debian-gcc 0.1.3.3 1.88 18.33 20.21 OK
r-devel-linux-x86_64-fedora-clang 0.1.3.3 32.21 NOTE
r-devel-linux-x86_64-fedora-gcc 0.1.3.3 30.43 NOTE
r-devel-windows-ix86+x86_64 0.1.3.3 9.00 50.00 59.00 OK
r-patched-linux-x86_64 0.1.3.3 2.41 22.24 24.65 OK
r-patched-solaris-x86 0.1.3.3 48.60 NOTE
r-release-linux-x86_64 0.1.3.3 2.26 22.39 24.65 OK
r-release-windows-ix86+x86_64 0.1.3.3 5.00 37.00 42.00 OK
r-release-osx-x86_64 0.1.3.3 NOTE
r-oldrel-windows-ix86+x86_64 0.1.3.3 6.00 55.00 61.00 OK
r-oldrel-osx-x86_64 0.1.3.3 NOTE

Check Details

Version: 0.1.3.3
Check: data for non-ASCII characters
Result: NOTE
     Note: found 140 marked UTF-8 strings
Flavors: r-devel-linux-x86_64-fedora-clang, r-devel-linux-x86_64-fedora-gcc, r-patched-solaris-x86, r-release-osx-x86_64, r-oldrel-osx-x86_64