CRAN Package Check Results for Package NBAloveR

Last updated on 2019-12-09 05:47:19 CET.

Flavor Version Tinstall Tcheck Ttotal Status Flags
r-devel-linux-x86_64-debian-clang 0.1.3.3 2.73 23.62 26.35 OK
r-devel-linux-x86_64-debian-gcc 0.1.3.3 2.16 18.92 21.08 OK
r-devel-linux-x86_64-fedora-clang 0.1.3.3 32.70 NOTE
r-devel-linux-x86_64-fedora-gcc 0.1.3.3 30.61 NOTE
r-devel-windows-ix86+x86_64 0.1.3.3 7.00 38.00 45.00 OK
r-devel-windows-ix86+x86_64-gcc8 0.1.3.3 8.00 41.00 49.00 OK
r-patched-linux-x86_64 0.1.3.3 2.36 22.25 24.61 OK
r-patched-solaris-x86 0.1.3.3 47.80 NOTE
r-release-linux-x86_64 0.1.3.3 2.26 22.04 24.30 OK
r-release-windows-ix86+x86_64 0.1.3.3 4.00 38.00 42.00 OK
r-release-osx-x86_64 0.1.3.3 NOTE
r-oldrel-windows-ix86+x86_64 0.1.3.3 3.00 34.00 37.00 OK
r-oldrel-osx-x86_64 0.1.3.3 NOTE

Check Details

Version: 0.1.3.3
Check: data for non-ASCII characters
Result: NOTE
     Note: found 140 marked UTF-8 strings
Flavors: r-devel-linux-x86_64-fedora-clang, r-devel-linux-x86_64-fedora-gcc, r-patched-solaris-x86, r-release-osx-x86_64, r-oldrel-osx-x86_64