CRAN Package Check Results for Package NEONiso

Last updated on 2022-01-21 05:52:16 CET.

Flavor Version Tinstall Tcheck Ttotal Status Flags
r-devel-linux-x86_64-debian-clang 0.5.3 OK
r-devel-linux-x86_64-debian-gcc 0.5.3 8.54 156.15 164.69 OK
r-devel-linux-x86_64-fedora-clang 0.5.3 255.56 OK
r-devel-linux-x86_64-fedora-gcc 0.5.3 261.13 OK
r-devel-windows-x86_64-new-UL 0.5.3 59.00 425.00 484.00 OK
r-devel-windows-x86_64-new-TK 0.5.3 OK
r-patched-linux-x86_64 0.5.3 9.62 199.83 209.45 OK
r-release-linux-x86_64 0.5.3 9.65 200.51 210.16 OK
r-release-macos-arm64 0.5.3 OK
r-release-macos-x86_64 0.5.3 OK
r-release-windows-ix86+x86_64 0.5.3 21.00 460.00 481.00 OK
r-oldrel-macos-x86_64 0.5.2 ERROR
r-oldrel-windows-ix86+x86_64 0.5.3 22.00 451.00 473.00 OK

Check Details

Version: 0.5.2
Check: package dependencies
Result: ERROR
    Package required and available but unsuitable version: ‘rhdf5’
    
    See section ‘The DESCRIPTION file’ in the ‘Writing R Extensions’
    manual.
Flavor: r-oldrel-macos-x86_64