CRAN Package Check Results for Package NFP

Last updated on 2021-12-05 05:52:53 CET.

Flavor Version Tinstall Tcheck Ttotal Status Flags
r-devel-linux-x86_64-debian-clang 0.99.4 69.49 230.58 300.07 NOTE
r-devel-linux-x86_64-debian-gcc 0.99.4 65.46 181.49 246.95 NOTE
r-devel-linux-x86_64-fedora-clang 0.99.4 392.58 NOTE
r-devel-linux-x86_64-fedora-gcc 0.99.4 374.24 NOTE
r-devel-windows-x86_64-new-UL 0.99.4 116.00 275.00 391.00 NOTE
r-devel-windows-x86_64-new-TK 0.99.4 NOTE
r-devel-windows-x86_64-old 0.99.4 105.00 205.00 310.00 NOTE
r-patched-linux-x86_64 0.99.4 70.33 210.25 280.58 NOTE
r-release-linux-x86_64 0.99.4 70.80 223.84 294.64 NOTE
r-release-macos-arm64 0.99.4 NOTE
r-release-macos-x86_64 0.99.4 NOTE
r-release-windows-ix86+x86_64 0.99.4 119.00 264.00 383.00 NOTE
r-oldrel-macos-x86_64 0.99.4 ERROR
r-oldrel-windows-ix86+x86_64 0.99.4 120.00 255.00 375.00 NOTE

Check Details

Version: 0.99.4
Check: package dependencies
Result: NOTE
    Package suggested but not available for checking: 'NFPdata'
Flavors: r-devel-linux-x86_64-debian-clang, r-devel-linux-x86_64-debian-gcc, r-devel-linux-x86_64-fedora-clang, r-devel-linux-x86_64-fedora-gcc, r-devel-windows-x86_64-new-UL, r-devel-windows-x86_64-new-TK, r-devel-windows-x86_64-old, r-patched-linux-x86_64, r-release-linux-x86_64, r-release-macos-arm64, r-release-macos-x86_64, r-release-windows-ix86+x86_64, r-oldrel-windows-ix86+x86_64

Version: 0.99.4
Check: package dependencies
Result: ERROR
    Package required but not available: ‘KEGGgraph’
    
    Package suggested but not available for checking: ‘NFPdata’
    
    See section ‘The DESCRIPTION file’ in the ‘Writing R Extensions’
    manual.
Flavor: r-oldrel-macos-x86_64