CRAN Package Check Results for Package NetLogoR

Last updated on 2019-07-16 05:48:23 CEST.

Flavor Version Tinstall Tcheck Ttotal Status Flags
r-devel-linux-x86_64-debian-clang 0.3.5 34.39 265.94 300.33 NOTE
r-devel-linux-x86_64-debian-gcc 0.3.5 31.34 206.04 237.38 NOTE
r-devel-linux-x86_64-fedora-clang 0.3.5 360.29 NOTE
r-devel-linux-x86_64-fedora-gcc 0.3.5 342.66 NOTE
r-devel-windows-ix86+x86_64 0.3.5 89.00 408.00 497.00 NOTE
r-patched-linux-x86_64 0.3.5 33.84 256.11 289.95 NOTE
r-patched-solaris-x86 0.3.5 564.70 NOTE
r-release-linux-x86_64 0.3.5 35.18 255.02 290.20 NOTE
r-release-windows-ix86+x86_64 0.3.5 68.00 294.00 362.00 NOTE
r-release-osx-x86_64 0.3.5 NOTE
r-oldrel-windows-ix86+x86_64 0.3.5 64.00 387.00 451.00 NOTE
r-oldrel-osx-x86_64 0.3.5 NOTE

Check Details

Version: 0.3.5
Check: package dependencies
Result: NOTE
    Package suggested but not available for checking: 'fastshp'
Flavors: r-devel-linux-x86_64-debian-clang, r-devel-linux-x86_64-debian-gcc, r-devel-linux-x86_64-fedora-clang, r-devel-linux-x86_64-fedora-gcc, r-devel-windows-ix86+x86_64, r-patched-linux-x86_64, r-patched-solaris-x86, r-release-linux-x86_64, r-release-windows-ix86+x86_64, r-release-osx-x86_64, r-oldrel-windows-ix86+x86_64, r-oldrel-osx-x86_64